CRAN Package Check Results for Package pcalg

Last updated on 2020-07-14 02:07:04 CEST.

Flavor Version Tinstall Tcheck Ttotal Status Flags
r-devel-linux-x86_64-debian-clang 2.6-10 117.17 441.02 558.19 OK
r-devel-linux-x86_64-debian-gcc 2.6-10 94.08 329.23 423.31 OK
r-devel-linux-x86_64-fedora-clang 2.6-10 674.12 NOTE
r-devel-linux-x86_64-fedora-gcc 2.6-10 676.94 OK
r-devel-windows-ix86+x86_64 2.6-10 216.00 933.00 1149.00 NOTE
r-patched-linux-x86_64 2.6-10 98.42 430.83 529.25 OK
r-patched-solaris-x86 2.6-10 799.40 NOTE
r-release-linux-x86_64 2.6-10 98.19 433.25 531.44 OK
r-release-macos-x86_64 2.6-10 ERROR
r-release-windows-ix86+x86_64 2.6-10 284.00 695.00 979.00 NOTE
r-oldrel-macos-x86_64 2.6-10 NOTE
r-oldrel-windows-ix86+x86_64 2.6-10 249.00 876.00 1125.00 NOTE

Check Details

Version: 2.6-10
Check: installed package size
Result: NOTE
     installed size is 12.9Mb
     sub-directories of 1Mb or more:
     data 2.1Mb
     libs 7.6Mb
Flavors: r-devel-linux-x86_64-fedora-clang, r-devel-windows-ix86+x86_64, r-patched-solaris-x86, r-release-windows-ix86+x86_64, r-oldrel-macos-x86_64, r-oldrel-windows-ix86+x86_64

Version: 2.6-10
Check: Rd cross-references
Result: NOTE
    Undeclared packages ‘combinat’, ‘unifDAG’ in Rd xrefs
Flavor: r-devel-linux-x86_64-fedora-clang

Version: 2.6-10
Check: whether package can be installed
Result: ERROR
    Installation failed.
Flavor: r-release-macos-x86_64