Last updated on 2022-08-13 02:51:37 CEST.
Flavor | Version | Tinstall | Tcheck | Ttotal | Status | Flags |
---|---|---|---|---|---|---|
r-devel-linux-x86_64-debian-clang | 2.7-6 | 120.99 | 420.09 | 541.08 | OK | |
r-devel-linux-x86_64-debian-gcc | 2.7-6 | 101.20 | 314.01 | 415.21 | OK | |
r-devel-linux-x86_64-fedora-clang | 2.7-6 | 676.46 | NOTE | |||
r-devel-linux-x86_64-fedora-gcc | 2.7-6 | 658.74 | OK | |||
r-devel-windows-x86_64 | 2.7-6 | 123.00 | 481.00 | 604.00 | NOTE | |
r-patched-linux-x86_64 | 2.7-6 | 115.49 | 397.67 | 513.16 | OK | |
r-release-linux-x86_64 | 2.7-6 | 106.97 | 400.76 | 507.73 | OK | |
r-release-macos-arm64 | 2.7-6 | 184.00 | NOTE | |||
r-release-macos-x86_64 | 2.7-6 | 230.00 | NOTE | |||
r-release-windows-x86_64 | 2.7-6 | 135.00 | 509.00 | 644.00 | NOTE | |
r-oldrel-macos-arm64 | 2.7-6 | 151.00 | NOTE | |||
r-oldrel-macos-x86_64 | 2.7-6 | 227.00 | NOTE | |||
r-oldrel-windows-ix86+x86_64 | 2.7-6 | 266.00 | 763.00 | 1029.00 | NOTE |
Version: 2.7-6
Check: installed package size
Result: NOTE
installed size is 9.9Mb
sub-directories of 1Mb or more:
data 2.1Mb
libs 5.0Mb
Flavors: r-devel-linux-x86_64-fedora-clang, r-devel-windows-x86_64, r-release-macos-arm64, r-release-macos-x86_64, r-release-windows-x86_64, r-oldrel-macos-arm64, r-oldrel-macos-x86_64, r-oldrel-windows-ix86+x86_64
Version: 2.7-6
Check: Rd cross-references
Result: NOTE
Undeclared packages ‘combinat’, ‘unifDAG’ in Rd xrefs
Flavor: r-devel-linux-x86_64-fedora-clang