CRAN Package Check Results for Package pcdpca

Last updated on 2022-07-02 01:49:03 CEST.

Flavor Version Tinstall Tcheck Ttotal Status Flags
r-devel-linux-x86_64-debian-clang 0.4 1.78 30.22 32.00 NOTE
r-devel-linux-x86_64-debian-gcc 0.4 1.84 23.30 25.14 NOTE
r-devel-linux-x86_64-fedora-clang 0.4 49.56 NOTE
r-devel-linux-x86_64-fedora-gcc 0.4 50.84 NOTE
r-devel-windows-x86_64 0.4 8.00 52.00 60.00 NOTE
r-patched-linux-x86_64 0.4 9.35 28.92 38.27 NOTE
r-release-linux-x86_64 0.4 2.06 29.35 31.41 NOTE
r-release-macos-arm64 0.4 20.00 NOTE
r-release-macos-x86_64 0.4 30.00 NOTE
r-release-windows-x86_64 0.4 7.00 53.00 60.00 NOTE
r-oldrel-macos-arm64 0.4 23.00 NOTE
r-oldrel-macos-x86_64 0.4 30.00 NOTE
r-oldrel-windows-ix86+x86_64 0.4 7.00 49.00 56.00 NOTE

Check Details

Version: 0.4
Check: LazyData
Result: NOTE
     'LazyData' is specified without a 'data' directory
Flavors: r-devel-linux-x86_64-debian-clang, r-devel-linux-x86_64-debian-gcc, r-devel-linux-x86_64-fedora-clang, r-devel-linux-x86_64-fedora-gcc, r-devel-windows-x86_64, r-patched-linux-x86_64, r-release-linux-x86_64, r-release-macos-arm64, r-release-macos-x86_64, r-release-windows-x86_64, r-oldrel-macos-arm64, r-oldrel-macos-x86_64, r-oldrel-windows-ix86+x86_64

Version: 0.4
Check: dependencies in R code
Result: NOTE
    Namespace in Imports field not imported from: ‘fda’
     All declared Imports should be used.
Flavors: r-devel-linux-x86_64-fedora-clang, r-devel-linux-x86_64-fedora-gcc, r-release-macos-arm64, r-release-macos-x86_64, r-oldrel-macos-arm64, r-oldrel-macos-x86_64