CRAN Package Check Results for Package pcts

Last updated on 2022-06-28 01:51:39 CEST.

Flavor Version Tinstall Tcheck Ttotal Status Flags
r-devel-linux-x86_64-debian-clang 0.15.2 43.12 266.62 309.74 NOTE
r-devel-linux-x86_64-debian-gcc 0.15.2 37.58 191.78 229.36 NOTE
r-devel-linux-x86_64-fedora-clang 0.15.2 368.77 NOTE
r-devel-linux-x86_64-fedora-gcc 0.15.2 371.77 NOTE
r-devel-windows-x86_64 0.15.2 147.00 285.00 432.00 NOTE
r-patched-linux-x86_64 0.15.2 45.56 248.00 293.56 OK
r-release-linux-x86_64 0.15.2 43.64 247.00 290.64 OK
r-release-macos-arm64 0.15.2 99.00 OK
r-release-macos-x86_64 0.15.2 125.00 NOTE
r-release-windows-x86_64 0.15.2 149.00 300.00 449.00 OK
r-oldrel-macos-arm64 0.15.2 110.00 OK
r-oldrel-macos-x86_64 0.15.2 136.00 OK
r-oldrel-windows-ix86+x86_64 0.15.2 79.00 299.00 378.00 OK

Check Details

Version: 0.15.2
Check: Rd files
Result: NOTE
    checkRd: (-1) pcts-package.Rd:287: Escaped LaTeX specials: \&
Flavors: r-devel-linux-x86_64-debian-clang, r-devel-linux-x86_64-debian-gcc, r-devel-linux-x86_64-fedora-clang, r-devel-linux-x86_64-fedora-gcc, r-devel-windows-x86_64

Version: 0.15.2
Check: package dependencies
Result: NOTE
    Package suggested but not available for checking: ‘partsm’
Flavor: r-release-macos-x86_64