CRAN Package Check Results for Package pdR

Last updated on 2019-12-15 01:50:32 CET.

Flavor Version Tinstall Tcheck Ttotal Status Flags
r-devel-linux-x86_64-debian-clang 1.7 11.08 69.55 80.63 OK
r-devel-linux-x86_64-debian-gcc 1.7 9.28 54.27 63.55 OK
r-devel-linux-x86_64-fedora-clang 1.7 104.41 NOTE
r-devel-linux-x86_64-fedora-gcc 1.7 95.53 NOTE
r-devel-windows-ix86+x86_64 1.7 21.00 111.00 132.00 OK
r-devel-windows-ix86+x86_64-gcc8 1.7 25.00 112.00 137.00 OK
r-patched-linux-x86_64 1.7 8.96 64.99 73.95 OK
r-patched-solaris-x86 1.7 127.20 NOTE
r-release-linux-x86_64 1.7 8.63 68.27 76.90 OK
r-release-windows-ix86+x86_64 1.7 19.00 71.00 90.00 OK
r-release-osx-x86_64 1.7 NOTE
r-oldrel-windows-ix86+x86_64 1.7 10.00 70.00 80.00 OK
r-oldrel-osx-x86_64 1.7 NOTE

Check Details

Version: 1.7
Check: dependencies in R code
Result: NOTE
    Namespaces in Imports field not imported from:
     ‘car’ ‘sandwich’
     All declared Imports should be used.
Flavors: r-devel-linux-x86_64-fedora-clang, r-devel-linux-x86_64-fedora-gcc, r-patched-solaris-x86, r-release-osx-x86_64, r-oldrel-osx-x86_64