CRAN Package Check Results for Package pdR

Last updated on 2019-08-22 01:49:54 CEST.

Flavor Version Tinstall Tcheck Ttotal Status Flags
r-devel-linux-x86_64-debian-clang 1.7 9.30 64.75 74.05 OK
r-devel-linux-x86_64-debian-gcc 1.7 7.73 50.66 58.39 OK
r-devel-linux-x86_64-fedora-clang 1.7 92.48 NOTE
r-devel-linux-x86_64-fedora-gcc 1.7 90.78 NOTE
r-devel-windows-ix86+x86_64 1.7 31.00 0.00 31.00 FAIL
r-patched-linux-x86_64 1.7 8.98 64.93 73.91 OK
r-patched-solaris-x86 1.7 140.80 NOTE
r-release-linux-x86_64 1.7 9.71 65.37 75.08 OK
r-release-windows-ix86+x86_64 1.7 36.00 108.00 144.00 OK
r-release-osx-x86_64 1.7 NOTE
r-oldrel-windows-ix86+x86_64 1.7 17.00 91.00 108.00 OK
r-oldrel-osx-x86_64 1.7 NOTE

Check Details

Version: 1.7
Check: dependencies in R code
Result: NOTE
    Namespaces in Imports field not imported from:
     ‘car’ ‘sandwich’
     All declared Imports should be used.
Flavors: r-devel-linux-x86_64-fedora-clang, r-devel-linux-x86_64-fedora-gcc, r-patched-solaris-x86, r-release-osx-x86_64, r-oldrel-osx-x86_64

Version: 1.7
Check: package dependencies
Result: FAIL
    Check process probably crashed or hung up for 20 minutes ... killed
    Most likely this happened in the example checks (?),
    if not, ignore the following last lines of example output:
    
    ======== End of example output (where/before crash/hang up occured ?) ========
Flavor: r-devel-windows-ix86+x86_64