CRAN Package Check Results for Package pda

Last updated on 2021-09-23 01:49:50 CEST.

Flavor Version Tinstall Tcheck Ttotal Status Flags
r-devel-linux-x86_64-debian-clang 1.0-2 45.36 80.33 125.69 OK
r-devel-linux-x86_64-debian-gcc 1.0-2 30.62 57.90 88.52 OK
r-devel-linux-x86_64-fedora-clang 1.0-2 167.52 OK
r-devel-linux-x86_64-fedora-gcc 1.0-2 147.09 OK
r-devel-windows-x86_64 1.0-2 46.00 78.00 124.00 OK
r-devel-windows-x86_64-gcc10-UCRT 1.0-2 ERROR
r-patched-linux-x86_64 1.0-2 37.50 72.97 110.47 OK
r-patched-solaris-x86 1.0-2 183.10 OK
r-release-linux-x86_64 1.0-2 38.16 73.43 111.59 OK
r-release-macos-arm64 1.0-2 OK
r-release-macos-x86_64 1.0-2 OK
r-release-windows-ix86+x86_64 1.0-2 103.00 108.00 211.00 OK
r-oldrel-macos-x86_64 1.0-2 OK
r-oldrel-windows-ix86+x86_64 1.0-2 74.00 106.00 180.00 OK

Check Details

Version: 1.0-2
Check: package dependencies
Result: ERROR
    Package required but not available: 'rvest'
    
    Package suggested but not available for checking: 'imager'
    
    See section 'The DESCRIPTION file' in the 'Writing R Extensions'
    manual.
Flavor: r-devel-windows-x86_64-gcc10-UCRT