CRAN Package Check Results for Package pdfCluster

Last updated on 2024-02-22 07:52:18 CET.

Flavor Version Tinstall Tcheck Ttotal Status Flags
r-devel-linux-x86_64-debian-clang 1.0-4 OK
r-devel-linux-x86_64-debian-gcc 1.0-4 6.98 44.65 51.63 OK
r-devel-linux-x86_64-fedora-clang 1.0-4 83.71 NOTE
r-devel-linux-x86_64-fedora-gcc 1.0-4 81.82 OK
r-devel-windows-x86_64 1.0-4 10.00 70.00 80.00 OK
r-patched-linux-x86_64 1.0-4 10.90 57.47 68.37 OK
r-release-linux-x86_64 1.0-4 7.71 58.41 66.12 OK
r-release-macos-arm64 1.0-4 29.00 OK
r-release-macos-x86_64 1.0-4 47.00 OK
r-release-windows-x86_64 1.0-4 12.00 86.00 98.00 OK
r-oldrel-macos-arm64 1.0-4 30.00 OK
r-oldrel-windows-x86_64 1.0-4 13.00 89.00 102.00 OK

Check Details

Version: 1.0-4
Check: Rd cross-references
Result: NOTE Undeclared packages ‘sm’, ‘spdep’ in Rd xrefs Flavor: r-devel-linux-x86_64-fedora-clang