CRAN Package Check Results for Package pdftools

Last updated on 2020-11-27 00:48:57 CET.

Flavor Version Tinstall Tcheck Ttotal Status Flags
r-devel-linux-x86_64-debian-clang 2.3.1 32.07 36.53 68.60 OK
r-devel-linux-x86_64-debian-gcc 2.3.1 35.86 28.91 64.77 OK
r-devel-linux-x86_64-fedora-clang 2.3.1 87.19 NOTE
r-devel-linux-x86_64-fedora-gcc 2.3.1 72.23 NOTE
r-devel-windows-ix86+x86_64 2.3.1 70.00 124.00 194.00 NOTE
r-patched-linux-x86_64 2.3.1 39.36 34.82 74.18 OK
r-patched-solaris-x86 2.3.1 90.80 NOTE
r-release-linux-x86_64 2.3.1 43.07 33.49 76.56 OK
r-release-macos-x86_64 2.3.1 NOTE
r-release-windows-ix86+x86_64 2.3.1 71.00 108.00 179.00 NOTE
r-oldrel-macos-x86_64 2.3.1 NOTE
r-oldrel-windows-ix86+x86_64 2.3.1 66.00 119.00 185.00 NOTE

Check Details

Version: 2.3.1
Check: top-level files
Result: NOTE
    ‘configure’: ‘env bash’ is not portable as bash need not be installed
Flavors: r-devel-linux-x86_64-fedora-clang, r-devel-linux-x86_64-fedora-gcc

Version: 2.3.1
Check: installed package size
Result: NOTE
     installed size is 25.8Mb
     sub-directories of 1Mb or more:
     libs 13.8Mb
     share 11.9Mb
Flavors: r-devel-windows-ix86+x86_64, r-release-macos-x86_64, r-release-windows-ix86+x86_64, r-oldrel-macos-x86_64, r-oldrel-windows-ix86+x86_64

Version: 2.3.1
Check: package dependencies
Result: NOTE
    Package suggested but not available for checking: ‘tesseract’
Flavor: r-patched-solaris-x86