CRAN Package Check Results for Package pdftools

Last updated on 2020-09-23 04:00:06 CEST.

Flavor Version Tinstall Tcheck Ttotal Status Flags
r-devel-linux-x86_64-debian-clang 2.3.1 25.75 31.26 57.01 OK
r-devel-linux-x86_64-debian-gcc 2.3.1 18.84 25.91 44.75 OK
r-devel-linux-x86_64-fedora-clang 2.3.1 85.17 OK
r-devel-linux-x86_64-fedora-gcc 2.3.1 72.80 OK
r-devel-windows-ix86+x86_64 2.3.1 71.00 116.00 187.00 NOTE
r-patched-linux-x86_64 2.3.1 20.48 31.22 51.70 OK
r-patched-solaris-x86 2.3.1 88.80 NOTE
r-release-linux-x86_64 2.3.1 23.25 31.11 54.36 OK
r-release-macos-x86_64 2.3.1 NOTE
r-release-windows-ix86+x86_64 2.3.1 64.00 112.00 176.00 NOTE
r-oldrel-macos-x86_64 2.3.1 NOTE
r-oldrel-windows-ix86+x86_64 2.3.1 51.00 120.00 171.00 NOTE

Check Details

Version: 2.3.1
Check: installed package size
Result: NOTE
     installed size is 25.8Mb
     sub-directories of 1Mb or more:
     libs 13.8Mb
     share 11.9Mb
Flavors: r-devel-windows-ix86+x86_64, r-release-macos-x86_64, r-release-windows-ix86+x86_64, r-oldrel-macos-x86_64, r-oldrel-windows-ix86+x86_64

Version: 2.3.1
Check: package dependencies
Result: NOTE
    Package suggested but not available for checking: ‘tesseract’
Flavor: r-patched-solaris-x86