CRAN Package Check Results for Package peRspective

Last updated on 2021-09-22 01:49:00 CEST.

Flavor Version Tinstall Tcheck Ttotal Status Flags
r-devel-linux-x86_64-debian-clang 0.1.1 2.58 27.10 29.68 OK
r-devel-linux-x86_64-debian-gcc 0.1.1 1.98 21.20 23.18 OK
r-devel-linux-x86_64-fedora-clang 0.1.1 44.52 OK
r-devel-linux-x86_64-fedora-gcc 0.1.1 33.66 OK
r-devel-windows-x86_64 0.1.1 3.00 40.00 43.00 OK
r-devel-windows-x86_64-gcc10-UCRT 0.1.1 ERROR
r-patched-linux-x86_64 0.1.1 2.61 26.36 28.97 OK
r-patched-solaris-x86 0.1.1 54.30 OK
r-release-linux-x86_64 0.1.1 2.42 26.49 28.91 OK
r-release-macos-arm64 0.1.1 OK
r-release-macos-x86_64 0.1.1 OK
r-release-windows-ix86+x86_64 0.1.1 5.00 38.00 43.00 OK
r-oldrel-macos-x86_64 0.1.1 OK
r-oldrel-windows-ix86+x86_64 0.1.1 6.00 38.00 44.00 OK

Check Details

Version: 0.1.1
Check: package dependencies
Result: ERROR
    Package required but not available: 'rlist'
    
    See section 'The DESCRIPTION file' in the 'Writing R Extensions'
    manual.
Flavor: r-devel-windows-x86_64-gcc10-UCRT