Last updated on 2023-02-07 00:54:25 CET.
Flavor | Version | Tinstall | Tcheck | Ttotal | Status | Flags |
---|---|---|---|---|---|---|
r-devel-linux-x86_64-debian-clang | 0.1.2 | 1236.33 | 257.97 | 1494.30 | NOTE | |
r-devel-linux-x86_64-debian-gcc | 0.1.2 | 1087.90 | 264.04 | 1351.94 | NOTE | |
r-devel-linux-x86_64-fedora-clang | 0.1.2 | 1795.05 | NOTE | |||
r-devel-linux-x86_64-fedora-gcc | 0.1.2 | 2260.20 | NOTE | |||
r-devel-windows-x86_64 | 0.1.2 | 793.00 | 399.00 | 1192.00 | NOTE | |
r-patched-linux-x86_64 | 0.1.2 | 970.21 | 324.13 | 1294.34 | NOTE | |
r-release-linux-x86_64 | 0.1.2 | 927.24 | 331.49 | 1258.73 | NOTE | |
r-release-macos-arm64 | 0.1.2 | 493.00 | NOTE | |||
r-release-macos-x86_64 | 0.1.2 | 667.00 | NOTE | |||
r-release-windows-x86_64 | 0.1.2 | 1056.00 | 399.00 | 1455.00 | NOTE | |
r-oldrel-macos-arm64 | 0.1.2 | 500.00 | NOTE | |||
r-oldrel-macos-x86_64 | 0.1.2 | 645.00 | NOTE | |||
r-oldrel-windows-ix86+x86_64 | 0.1.2 | 2639.00 | 573.00 | 3212.00 | NOTE |
Version: 0.1.2
Check: C++ specification
Result: NOTE
Specified C++14: please update to current default of C++17
Flavors: r-devel-linux-x86_64-debian-clang, r-devel-linux-x86_64-debian-gcc, r-devel-linux-x86_64-fedora-clang, r-devel-linux-x86_64-fedora-gcc, r-devel-windows-x86_64
Version: 0.1.2
Check: for GNU extensions in Makefiles
Result: NOTE
GNU make is a SystemRequirements.
Flavors: r-devel-linux-x86_64-debian-clang, r-devel-linux-x86_64-debian-gcc, r-devel-linux-x86_64-fedora-clang, r-devel-linux-x86_64-fedora-gcc, r-devel-windows-x86_64, r-patched-linux-x86_64, r-release-linux-x86_64, r-release-macos-arm64, r-release-macos-x86_64, r-release-windows-x86_64, r-oldrel-macos-arm64, r-oldrel-macos-x86_64, r-oldrel-windows-ix86+x86_64
Version: 0.1.2
Check: installed package size
Result: NOTE
installed size is 12.1Mb
sub-directories of 1Mb or more:
libs 11.2Mb
Flavors: r-devel-linux-x86_64-fedora-clang, r-devel-windows-x86_64, r-release-macos-arm64, r-release-macos-x86_64, r-release-windows-x86_64, r-oldrel-macos-arm64, r-oldrel-macos-x86_64, r-oldrel-windows-ix86+x86_64