CRAN Package Check Results for Package penPHcure

Last updated on 2020-10-22 02:49:45 CEST.

Flavor Version Tinstall Tcheck Ttotal Status Flags
r-devel-linux-x86_64-debian-clang 1.0.2 178.27 87.91 266.18 OK
r-devel-linux-x86_64-debian-gcc 1.0.2 130.53 85.64 216.17 OK
r-devel-linux-x86_64-fedora-clang 1.0.2 366.75 NOTE
r-devel-linux-x86_64-fedora-gcc 1.0.2 360.19 OK
r-devel-windows-ix86+x86_64 1.0.2 407.00 143.00 550.00 OK
r-patched-linux-x86_64 1.0.2 165.35 80.69 246.04 OK
r-patched-solaris-x86 1.0.2 296.20 OK
r-release-linux-x86_64 1.0.2 155.61 82.37 237.98 OK
r-release-macos-x86_64 1.0.2 NOTE
r-release-windows-ix86+x86_64 1.0.2 320.00 104.00 424.00 OK
r-oldrel-macos-x86_64 1.0.2 NOTE
r-oldrel-windows-ix86+x86_64 1.0.2 355.00 101.00 456.00 OK

Check Details

Version: 1.0.2
Check: installed package size
Result: NOTE
     installed size is 7.5Mb
     sub-directories of 1Mb or more:
     libs 7.3Mb
Flavors: r-devel-linux-x86_64-fedora-clang, r-release-macos-x86_64, r-oldrel-macos-x86_64