CRAN Package Check Results for Package pencal

Last updated on 2022-05-20 01:51:12 CEST.

Flavor Version Tinstall Tcheck Ttotal Status Flags
r-devel-linux-x86_64-debian-clang 1.1.1 14.22 140.20 154.42 ERROR
r-devel-linux-x86_64-debian-gcc 1.1.1 11.52 126.95 138.47 OK
r-devel-linux-x86_64-fedora-clang 1.1.1 229.50 OK
r-devel-linux-x86_64-fedora-gcc 1.1.1 221.41 OK
r-devel-windows-x86_64 1.1.1 28.00 297.00 325.00 OK
r-patched-linux-x86_64 1.1.1 21.20 156.70 177.90 OK
r-release-linux-x86_64 1.1.1 11.58 159.52 171.10 OK
r-release-macos-arm64 1.1.1 70.00 ERROR
r-release-macos-x86_64 1.1.1 71.00 ERROR
r-release-windows-x86_64 1.1.1 26.00 313.00 339.00 OK
r-oldrel-macos-arm64 1.1.1 72.00 ERROR
r-oldrel-macos-x86_64 1.1.1 68.00 ERROR
r-oldrel-windows-ix86+x86_64 1.1.1 33.00 270.00 303.00 OK

Additional issues

noSuggests

Check Details

Version: 1.1.1
Check: package dependencies
Result: NOTE
    Package suggested but not available for checking: 'ptmixed'
Flavors: r-devel-linux-x86_64-debian-clang, r-release-macos-arm64, r-release-macos-x86_64, r-oldrel-macos-arm64, r-oldrel-macos-x86_64

Version: 1.1.1
Check: examples
Result: ERROR
    Running examples in 'pencal-Ex.R' failed
    The error most likely occurred in:
    
    > base::assign(".ptime", proc.time(), pos = "CheckExEnv")
    > ### Name: simulate_prclmm_data
    > ### Title: Simulate data that can be used to fit the PRC-LMM model
    > ### Aliases: simulate_prclmm_data
    >
    > ### ** Examples
    >
    > # generate example data
    > simdata = simulate_prclmm_data(n = 20, p = 10,
    + p.relev = 4, seed = 1)
    > # view the longitudinal markers:
    > library(ptmixed)
    Error in library(ptmixed) : there is no package called 'ptmixed'
    Execution halted
Flavor: r-devel-linux-x86_64-debian-clang

Version: 1.1.1
Check: re-building of vignette outputs
Result: ERROR
    Error(s) in re-building vignettes:
     ...
    --- re-building 'pencal-vignette.Rmd' using rmarkdown
    Quitting from lines 156-165 (pencal-vignette.Rmd)
    Error: processing vignette 'pencal-vignette.Rmd' failed with diagnostics:
    there is no package called 'ptmixed'
    --- failed re-building 'pencal-vignette.Rmd'
    
    SUMMARY: processing the following file failed:
     'pencal-vignette.Rmd'
    
    Error: Vignette re-building failed.
    Execution halted
Flavors: r-devel-linux-x86_64-debian-clang, r-release-macos-arm64, r-release-macos-x86_64

Version: 1.1.1
Check: examples
Result: ERROR
    Running examples in ‘pencal-Ex.R’ failed
    The error most likely occurred in:
    
    > ### Name: simulate_prclmm_data
    > ### Title: Simulate data that can be used to fit the PRC-LMM model
    > ### Aliases: simulate_prclmm_data
    >
    > ### ** Examples
    >
    > # generate example data
    > simdata = simulate_prclmm_data(n = 20, p = 10,
    + p.relev = 4, seed = 1)
    > # view the longitudinal markers:
    > library(ptmixed)
    Error in library(ptmixed) : there is no package called ‘ptmixed’
    Execution halted
Flavors: r-release-macos-arm64, r-release-macos-x86_64, r-oldrel-macos-arm64, r-oldrel-macos-x86_64

Version: 1.1.1
Check: re-building of vignette outputs
Result: WARN
    Error(s) in re-building vignettes:
     ...
    --- re-building ‘pencal-vignette.Rmd’ using rmarkdown
    Quitting from lines 156-165 (pencal-vignette.Rmd)
    Error: processing vignette 'pencal-vignette.Rmd' failed with diagnostics:
    there is no package called 'ptmixed'
    --- failed re-building ‘pencal-vignette.Rmd’
    
    SUMMARY: processing the following file failed:
     ‘pencal-vignette.Rmd’
    
    Error: Vignette re-building failed.
    Execution halted
Flavors: r-oldrel-macos-arm64, r-oldrel-macos-x86_64