CRAN Package Check Results for Package pencal

Last updated on 2024-07-22 07:52:24 CEST.

Flavor Version Tinstall Tcheck Ttotal Status Flags
r-devel-linux-x86_64-debian-clang 2.2.2 16.10 133.79 149.89 OK
r-devel-linux-x86_64-debian-gcc 2.2.2 12.07 96.99 109.06 NOTE
r-devel-linux-x86_64-fedora-clang 2.2.2 196.50 OK
r-devel-linux-x86_64-fedora-gcc 2.2.2 186.85 OK
r-devel-windows-x86_64 2.2.2 15.00 152.00 167.00 NOTE
r-patched-linux-x86_64 2.2.2 17.73 126.73 144.46 OK
r-release-linux-x86_64 2.2.2 10.45 123.97 134.42 OK
r-release-macos-arm64 2.2.2 72.00 OK
r-release-macos-x86_64 2.2.2 180.00 OK
r-release-windows-x86_64 2.2.2 13.00 154.00 167.00 OK
r-oldrel-macos-arm64 2.2.2 79.00 OK
r-oldrel-macos-x86_64 2.2.2 162.00 OK
r-oldrel-windows-x86_64 2.2.2 19.00 181.00 200.00 OK

Check Details

Version: 2.2.2
Check: Rd cross-references
Result: NOTE Found the following Rd file(s) with Rd \link{} targets missing package anchors: fit_mlpmms.Rd: multlcmm summary.mlpmmfit.Rd: summary.multlcmm Please provide package anchors for all Rd \link{} targets not in the package itself and the base packages. Flavors: r-devel-linux-x86_64-debian-gcc, r-devel-windows-x86_64