CRAN Package Check Results for Package performance

Last updated on 2020-01-23 00:57:33 CET.

Flavor Version Tinstall Tcheck Ttotal Status Flags
r-devel-linux-x86_64-debian-clang 0.4.2 11.06 77.05 88.11 ERROR
r-devel-linux-x86_64-debian-gcc 0.4.3 7.63 63.35 70.98 NOTE
r-devel-linux-x86_64-fedora-clang 0.4.3 117.59 NOTE
r-devel-linux-x86_64-fedora-gcc 0.4.3 112.66 NOTE
r-devel-windows-ix86+x86_64 0.4.2 23.00 147.00 170.00 OK
r-devel-windows-ix86+x86_64-gcc8 0.4.2 19.00 121.00 140.00 OK
r-patched-linux-x86_64 0.4.2 6.64 70.28 76.92 ERROR
r-patched-solaris-x86 0.4.3 130.80 NOTE
r-release-linux-x86_64 0.4.2 7.83 68.94 76.77 ERROR
r-release-windows-ix86+x86_64 0.4.2 17.00 117.00 134.00 OK
r-release-osx-x86_64 0.4.2 OK
r-oldrel-windows-ix86+x86_64 0.4.2 10.00 90.00 100.00 OK
r-oldrel-osx-x86_64 0.4.2 OK

Check Details

Version: 0.4.2
Check: package dependencies
Result: NOTE
    Package suggested but not available for checking: 'rstanarm'
Flavors: r-devel-linux-x86_64-debian-clang, r-patched-linux-x86_64, r-release-linux-x86_64

Version: 0.4.2
Check: examples
Result: ERROR
    Running examples in 'performance-Ex.R' failed
    The error most likely occurred in:
    
    > base::assign(".ptime", proc.time(), pos = "CheckExEnv")
    > ### Name: looic
    > ### Title: LOO-related Indices for Bayesian regressions.
    > ### Aliases: looic
    >
    > ### ** Examples
    >
    > library(rstanarm)
    Error in library(rstanarm) : there is no package called 'rstanarm'
    Execution halted
Flavors: r-devel-linux-x86_64-debian-clang, r-patched-linux-x86_64, r-release-linux-x86_64

Version: 0.4.3
Check: package dependencies
Result: NOTE
    Package suggested but not available for checking: ‘rstanarm’
Flavors: r-devel-linux-x86_64-debian-gcc, r-devel-linux-x86_64-fedora-clang, r-devel-linux-x86_64-fedora-gcc, r-patched-solaris-x86