CRAN Package Check Results for Package performanceEstimation

Last updated on 2024-07-20 07:48:16 CEST.

Flavor Version Tinstall Tcheck Ttotal Status Flags
r-devel-linux-x86_64-debian-clang 1.1.0 7.50 57.02 64.52 NOTE
r-devel-linux-x86_64-debian-gcc 1.1.0 5.59 41.67 47.26 NOTE
r-devel-linux-x86_64-fedora-clang 1.1.0 82.32 NOTE
r-devel-linux-x86_64-fedora-gcc 1.1.0 78.12 NOTE
r-devel-windows-x86_64 1.1.0 9.00 70.00 79.00 NOTE
r-patched-linux-x86_64 1.1.0 8.96 53.38 62.34 NOTE
r-release-linux-x86_64 1.1.0 4.76 53.18 57.94 NOTE
r-release-macos-arm64 1.1.0 27.00 NOTE
r-release-macos-x86_64 1.1.0 38.00 NOTE
r-release-windows-x86_64 1.1.0 9.00 69.00 78.00 NOTE
r-oldrel-macos-arm64 1.1.0 25.00 NOTE
r-oldrel-macos-x86_64 1.1.0 39.00 NOTE
r-oldrel-windows-x86_64 1.1.0 10.00 79.00 89.00 NOTE

Check Details

Version: 1.1.0
Check: package dependencies
Result: NOTE Package suggested but not available for checking: ‘DMwR’ Flavors: r-devel-linux-x86_64-debian-clang, r-devel-linux-x86_64-debian-gcc, r-devel-linux-x86_64-fedora-clang, r-devel-linux-x86_64-fedora-gcc, r-devel-windows-x86_64, r-patched-linux-x86_64, r-release-linux-x86_64, r-release-macos-arm64, r-release-macos-x86_64, r-release-windows-x86_64, r-oldrel-macos-arm64, r-oldrel-macos-x86_64, r-oldrel-windows-x86_64

Version: 1.1.0
Check: Rd files
Result: NOTE checkRd: (-1) classificationMetrics.Rd:85: Lost braces; missing escapes or markup? 85 | will use some extra notation, namely: TP = #{p == + & t == +} ; FP = | ^ checkRd: (-1) classificationMetrics.Rd:86: Lost braces; missing escapes or markup? 86 | #{p == + & t == -} ; TN = #{p == - & t == -}; FN = #{p == - & t == +} | ^ checkRd: (-1) classificationMetrics.Rd:86: Lost braces; missing escapes or markup? 86 | #{p == + & t == -} ; TN = #{p == - & t == -}; FN = #{p == - & t == +} | ^ checkRd: (-1) classificationMetrics.Rd:86: Lost braces; missing escapes or markup? 86 | #{p == + & t == -} ; TN = #{p == - & t == -}; FN = #{p == - & t == +} | ^ checkRd: (-1) classificationMetrics.Rd:87: Lost braces; missing escapes or markup? 87 | ; P = #{t == +} ; N = #{t == -}; Finally, for some descriptions | ^ checkRd: (-1) classificationMetrics.Rd:87: Lost braces; missing escapes or markup? 87 | ; P = #{t == +} ; N = #{t == -}; Finally, for some descriptions | ^ Flavors: r-devel-linux-x86_64-debian-clang, r-devel-linux-x86_64-debian-gcc, r-devel-linux-x86_64-fedora-clang, r-devel-linux-x86_64-fedora-gcc, r-devel-windows-x86_64, r-patched-linux-x86_64, r-release-linux-x86_64, r-release-macos-arm64, r-release-macos-x86_64, r-release-windows-x86_64

Version: 1.1.0
Check: LazyData
Result: NOTE 'LazyData' is specified without a 'data' directory Flavors: r-devel-linux-x86_64-debian-clang, r-devel-linux-x86_64-debian-gcc, r-devel-linux-x86_64-fedora-clang, r-devel-linux-x86_64-fedora-gcc, r-devel-windows-x86_64, r-patched-linux-x86_64, r-release-linux-x86_64, r-release-macos-arm64, r-release-macos-x86_64, r-release-windows-x86_64, r-oldrel-macos-arm64, r-oldrel-macos-x86_64, r-oldrel-windows-x86_64

Version: 1.1.0
Check: Rd cross-references
Result: NOTE Found the following Rd file(s) with Rd \link{} targets missing package anchors: bootEstimates.Rd: cluster cvEstimates.Rd: cluster hldEstimates.Rd: cluster loocvEstimates.Rd: cluster mcEstimates.Rd: cluster Please provide package anchors for all Rd \link{} targets not in the package itself and the base packages. Flavor: r-devel-windows-x86_64