Last updated on 2023-12-06 07:50:24 CET.
Flavor | Version | Tinstall | Tcheck | Ttotal | Status | Flags |
---|---|---|---|---|---|---|
r-devel-linux-x86_64-debian-clang | 0.9-7 | 4.10 | 56.61 | 60.71 | NOTE | |
r-devel-linux-x86_64-debian-gcc | 0.9-7 | 2.64 | 43.46 | 46.10 | NOTE | |
r-devel-linux-x86_64-fedora-clang | 0.9-7 | 77.77 | NOTE | |||
r-devel-linux-x86_64-fedora-gcc | 0.9-7 | 86.47 | NOTE | |||
r-devel-windows-x86_64 | 0.9-7 | 5.00 | 72.00 | 77.00 | NOTE | |
r-patched-linux-x86_64 | 0.9-7 | 4.35 | 55.40 | 59.75 | NOTE | |
r-release-linux-x86_64 | 0.9-7 | 3.98 | 55.48 | 59.46 | NOTE | |
r-release-macos-arm64 | 0.9-7 | 33.00 | NOTE | |||
r-release-macos-x86_64 | 0.9-7 | 50.00 | NOTE | |||
r-release-windows-x86_64 | 0.9-7 | 6.00 | 77.00 | 83.00 | NOTE | |
r-oldrel-macos-arm64 | 0.9-7 | 28.00 | OK | |||
r-oldrel-macos-x86_64 | 0.9-7 | 40.00 | OK | |||
r-oldrel-windows-x86_64 | 0.9-7 | 5.00 | 83.00 | 88.00 | OK |
Version: 0.9-7
Check: Rd files
Result: NOTE
checkRd: (-1) jackal.Rd:32: Escaped LaTeX specials: \&
Flavors: r-devel-linux-x86_64-debian-clang, r-devel-linux-x86_64-debian-gcc, r-devel-linux-x86_64-fedora-clang, r-devel-linux-x86_64-fedora-gcc, r-devel-windows-x86_64, r-patched-linux-x86_64, r-release-linux-x86_64, r-release-macos-arm64, r-release-macos-x86_64, r-release-windows-x86_64