CRAN Package Check Results for Package pgirmess

Last updated on 2021-09-23 01:49:50 CEST.

Flavor Version Tinstall Tcheck Ttotal Status Flags
r-devel-linux-x86_64-debian-clang 1.7.0 20.57 184.40 204.97 OK
r-devel-linux-x86_64-debian-gcc 1.7.0 16.00 134.23 150.23 OK
r-devel-linux-x86_64-fedora-clang 1.7.0 253.70 NOTE
r-devel-linux-x86_64-fedora-gcc 1.7.0 249.22 OK
r-devel-windows-x86_64 1.7.0 25.00 187.00 212.00 OK
r-devel-windows-x86_64-gcc10-UCRT 1.7.0 ERROR
r-patched-linux-x86_64 1.7.0 20.99 168.52 189.51 OK
r-patched-solaris-x86 1.7.0 333.10 OK
r-release-linux-x86_64 1.7.0 19.64 169.44 189.08 OK
r-release-macos-arm64 1.7.0 OK
r-release-macos-x86_64 1.7.0 OK
r-release-windows-ix86+x86_64 1.7.0 51.00 188.00 239.00 OK
r-oldrel-macos-x86_64 1.7.0 OK
r-oldrel-windows-ix86+x86_64 1.7.0 38.00 177.00 215.00 OK

Check Details

Version: 1.7.0
Check: Rd cross-references
Result: NOTE
    Undeclared packages ‘classInt’, ‘PMCMR’, ‘agricolae’, ‘plotrix’, ‘AICcmodavg’ in Rd xrefs
Flavor: r-devel-linux-x86_64-fedora-clang

Version: 1.7.0
Check: package dependencies
Result: ERROR
    Packages required but not available: 'rgdal', 'spdep'
    
    See section 'The DESCRIPTION file' in the 'Writing R Extensions'
    manual.
Flavor: r-devel-windows-x86_64-gcc10-UCRT