Last updated on 2023-03-25 07:02:27 CET.
Flavor | Version | Tinstall | Tcheck | Ttotal | Status | Flags |
---|---|---|---|---|---|---|
r-devel-linux-x86_64-debian-clang | 1.6 | 9.41 | 77.66 | 87.07 | NOTE | |
r-devel-linux-x86_64-debian-gcc | 1.6 | 6.73 | 59.56 | 66.29 | NOTE | |
r-devel-linux-x86_64-fedora-clang | 1.6 | 105.20 | NOTE | |||
r-devel-linux-x86_64-fedora-gcc | 1.6 | 101.90 | NOTE | |||
r-patched-linux-x86_64 | 1.6 | 7.18 | 73.14 | 80.32 | NOTE | |
r-release-linux-x86_64 | 1.6 | 9.15 | 73.89 | 83.04 | NOTE | |
r-release-macos-arm64 | 1.6 | 33.00 | NOTE | |||
r-release-macos-x86_64 | 1.6 | 45.00 | NOTE | |||
r-release-windows-x86_64 | 1.6 | 13.00 | 102.00 | 115.00 | NOTE | |
r-oldrel-macos-arm64 | 1.6 | 37.00 | NOTE | |||
r-oldrel-macos-x86_64 | 1.6 | 55.00 | NOTE | |||
r-oldrel-windows-ix86+x86_64 | 1.6 | 19.00 | 110.00 | 129.00 | NOTE |
Version: 1.6
Check: LazyData
Result: NOTE
'LazyData' is specified without a 'data' directory
Flavors: r-devel-linux-x86_64-debian-clang, r-devel-linux-x86_64-debian-gcc, r-devel-linux-x86_64-fedora-clang, r-devel-linux-x86_64-fedora-gcc, r-patched-linux-x86_64, r-release-linux-x86_64, r-release-macos-arm64, r-release-macos-x86_64, r-release-windows-x86_64, r-oldrel-macos-arm64, r-oldrel-macos-x86_64, r-oldrel-windows-ix86+x86_64