CRAN Package Check Results for Package phangorn

Last updated on 2020-07-10 01:49:08 CEST.

Flavor Version Tinstall Tcheck Ttotal Status Flags
r-devel-linux-x86_64-debian-clang 2.5.5 52.41 259.55 311.96 OK
r-devel-linux-x86_64-debian-gcc 2.5.5 39.47 207.24 246.71 OK
r-devel-linux-x86_64-fedora-clang 2.5.5 398.29 NOTE
r-devel-linux-x86_64-fedora-gcc 2.5.5 385.83 OK
r-devel-windows-ix86+x86_64 2.5.5 80.00 359.00 439.00 NOTE
r-patched-linux-x86_64 2.5.5 45.71 265.64 311.35 OK
r-patched-solaris-x86 2.5.5 511.60 OK
r-release-linux-x86_64 2.5.5 43.35 278.31 321.66 OK
r-release-osx-x86_64 2.5.5 OK
r-release-windows-ix86+x86_64 2.5.5 81.00 403.00 484.00 NOTE
r-oldrel-osx-x86_64 2.5.5 NOTE
r-oldrel-windows-ix86+x86_64 2.5.5 104.00 348.00 452.00 NOTE

Check Details

Version: 2.5.5
Check: installed package size
Result: NOTE
     installed size is 5.0Mb
     sub-directories of 1Mb or more:
     doc 1.1Mb
     libs 1.7Mb
Flavors: r-devel-linux-x86_64-fedora-clang, r-devel-windows-ix86+x86_64, r-release-windows-ix86+x86_64, r-oldrel-windows-ix86+x86_64

Version: 2.5.5
Check: package dependencies
Result: NOTE
    Package suggested but not available for checking: ‘Biostrings’
Flavor: r-oldrel-osx-x86_64