Last updated on 2023-12-04 07:51:11 CET.
Flavor | Version | Tinstall | Tcheck | Ttotal | Status | Flags |
---|---|---|---|---|---|---|
r-devel-linux-x86_64-debian-clang | 1.0.9 | 10.05 | 71.04 | 81.09 | OK | |
r-devel-linux-x86_64-debian-gcc | 1.0.9 | 9.43 | 52.86 | 62.29 | OK | |
r-devel-linux-x86_64-fedora-clang | 1.0.9 | 102.27 | OK | |||
r-devel-linux-x86_64-fedora-gcc | 1.0.9 | 95.96 | OK | |||
r-devel-windows-x86_64 | 1.0.9 | 10.00 | 69.00 | 79.00 | OK | |
r-patched-linux-x86_64 | 1.0.9 | 11.00 | 66.84 | 77.84 | OK | |
r-release-linux-x86_64 | 1.0.9 | 8.34 | 66.89 | 75.23 | OK | |
r-release-macos-arm64 | 1.0.9 | 31.00 | OK | |||
r-release-macos-x86_64 | 1.0.9 | 48.00 | NOTE | |||
r-release-windows-x86_64 | 1.0.9 | 14.00 | 76.00 | 90.00 | OK | |
r-oldrel-macos-arm64 | 1.0.9 | 36.00 | OK | |||
r-oldrel-macos-x86_64 | 1.0.9 | 43.00 | OK | |||
r-oldrel-windows-x86_64 | 1.0.9 | 15.00 | 83.00 | 98.00 | OK |
Version: 1.0.9
Check: package dependencies
Result: NOTE
Package suggested but not available for checking: ‘BiocParallel’
Flavor: r-release-macos-x86_64