CRAN Package Check Results for Package phenocamr

Last updated on 2020-09-29 01:48:35 CEST.

Flavor Version Tinstall Tcheck Ttotal Status Flags
r-devel-linux-x86_64-debian-clang 1.1.4 4.09 156.94 161.03 OK
r-devel-linux-x86_64-debian-gcc 1.1.4 3.35 120.59 123.94 OK
r-devel-linux-x86_64-fedora-clang 1.1.4 196.03 NOTE
r-devel-linux-x86_64-fedora-gcc 1.1.4 189.18 NOTE
r-devel-windows-ix86+x86_64 1.1.4 9.00 204.00 213.00 OK
r-patched-linux-x86_64 1.1.4 3.33 152.45 155.78 OK
r-patched-solaris-x86 1.1.4 251.80 NOTE
r-release-linux-x86_64 1.1.4 3.77 157.40 161.17 OK
r-release-macos-x86_64 1.1.4 NOTE
r-release-windows-ix86+x86_64 1.1.4 9.00 213.00 222.00 OK
r-oldrel-macos-x86_64 1.1.4 NOTE
r-oldrel-windows-ix86+x86_64 1.1.4 7.00 200.00 207.00 OK

Check Details

Version: 1.1.4
Check: dependencies in R code
Result: NOTE
    Namespaces in Imports field not imported from:
     ‘jsonlite’ ‘memoise’
     All declared Imports should be used.
Flavors: r-devel-linux-x86_64-fedora-clang, r-devel-linux-x86_64-fedora-gcc, r-patched-solaris-x86, r-release-macos-x86_64, r-oldrel-macos-x86_64