CRAN Package Check Results for Package phenocamr

Last updated on 2020-02-20 00:54:20 CET.

Flavor Version Tinstall Tcheck Ttotal Status Flags
r-devel-linux-x86_64-debian-clang 1.1.3 4.65 132.95 137.60 OK
r-devel-linux-x86_64-debian-gcc 1.1.3 3.41 102.27 105.68 OK
r-devel-linux-x86_64-fedora-clang 1.1.3 165.22 NOTE
r-devel-linux-x86_64-fedora-gcc 1.1.3 167.59 NOTE
r-devel-windows-ix86+x86_64 1.1.3 8.00 230.00 238.00 OK
r-devel-windows-ix86+x86_64-gcc8 1.1.3 12.00 224.00 236.00 OK
r-patched-linux-x86_64 1.1.3 2.84 124.66 127.50 ERROR
r-patched-solaris-x86 1.1.3 212.70 NOTE
r-release-linux-x86_64 1.1.3 3.53 123.79 127.32 OK
r-release-windows-ix86+x86_64 1.1.3 6.00 177.00 183.00 OK
r-release-osx-x86_64 1.1.3 NOTE
r-oldrel-windows-ix86+x86_64 1.1.3 4.00 174.00 178.00 OK
r-oldrel-osx-x86_64 1.1.3 NOTE

Check Details

Version: 1.1.3
Check: dependencies in R code
Result: NOTE
    Namespaces in Imports field not imported from:
     ‘jsonlite’ ‘memoise’
     All declared Imports should be used.
Flavors: r-devel-linux-x86_64-fedora-clang, r-devel-linux-x86_64-fedora-gcc, r-patched-solaris-x86, r-release-osx-x86_64, r-oldrel-osx-x86_64

Version: 1.1.3
Check: tests
Result: ERROR
     Running ‘testthat.r’ [41s/105s]
    Running the tests in ‘tests/testthat.r’ failed.
    Complete output:
     > # Run all unit tests
     >
     > # This is a wrapper around all the tests specified
     > # in the tests/testthat directory. These tests are visible
     > # to users and serve as small examples as well.
     > testthat::test_check("phenocamr")
     Loading required package: phenocamr
     ── 1. Error: check download options (@test_download_function.r#32) ────────────
     $ operator is invalid for atomic vectors
     Backtrace:
     1. testthat::expect_message(...)
     6. phenocamr::download_phenocam(...)
    
     ══ testthat results ═══════════════════════════════════════════════════════════
     [ OK: 17 | SKIPPED: 0 | WARNINGS: 1 | FAILED: 1 ]
     1. Error: check download options (@test_download_function.r#32)
    
     Error: testthat unit tests failed
     Execution halted
Flavor: r-patched-linux-x86_64