CRAN Package Check Results for Package phenofit

Last updated on 2020-05-28 01:53:24 CEST.

Flavor Version Tinstall Tcheck Ttotal Status Flags
r-devel-linux-x86_64-debian-clang 0.2.7 80.03 187.15 267.18 OK
r-devel-linux-x86_64-debian-gcc 0.2.7 60.29 185.62 245.91 OK
r-devel-linux-x86_64-fedora-clang 0.2.7 317.40 NOTE
r-devel-linux-x86_64-fedora-gcc 0.2.7 299.82 OK
r-devel-windows-ix86+x86_64 0.2.7 211.00 300.00 511.00 OK
r-patched-linux-x86_64 0.2.7 64.25 175.43 239.68 OK
r-patched-solaris-x86 0.2.7 336.80 OK
r-release-linux-x86_64 0.2.7 63.07 182.22 245.29 OK
r-release-osx-x86_64 0.2.7 OK
r-release-windows-ix86+x86_64 0.2.7 197.00 401.00 598.00 OK
r-oldrel-osx-x86_64 0.2.7 OK
r-oldrel-windows-ix86+x86_64 0.2.7 144.00 278.00 422.00 OK

Check Details

Version: 0.2.7
Check: package dependencies
Result: NOTE
    Imports includes 23 non-default packages.
    Importing from so many packages makes the package vulnerable to any of
    them becoming unavailable. Move as many as possible to Suggests and
    use conditionally.
Flavor: r-devel-linux-x86_64-fedora-clang