Last updated on 2023-06-05 07:53:01 CEST.
Flavor | Version | Tinstall | Tcheck | Ttotal | Status | Flags |
---|---|---|---|---|---|---|
r-devel-linux-x86_64-debian-clang | 1.0-7 | 3.64 | 35.55 | 39.19 | OK | |
r-devel-linux-x86_64-debian-gcc | 1.0-7 | 3.52 | 27.29 | 30.81 | OK | |
r-devel-linux-x86_64-fedora-clang | 1.0-7 | 49.44 | NOTE | |||
r-devel-linux-x86_64-fedora-gcc | 1.0-7 | 46.99 | OK | |||
r-devel-windows-x86_64 | 1.0-7 | 4.00 | 48.00 | 52.00 | OK | |
r-patched-linux-x86_64 | 1.0-7 | 4.81 | 33.72 | 38.53 | OK | |
r-release-linux-x86_64 | 1.0-7 | 4.47 | 34.35 | 38.82 | OK | |
r-release-macos-arm64 | 1.0-7 | 18.00 | OK | |||
r-release-macos-x86_64 | 1.0-7 | 32.00 | OK | |||
r-release-windows-x86_64 | 1.0-7 | 6.00 | 48.00 | 54.00 | OK | |
r-oldrel-macos-arm64 | 1.0-7 | 19.00 | OK | |||
r-oldrel-macos-x86_64 | 1.0-7 | 26.00 | OK | |||
r-oldrel-windows-x86_64 | 1.0-7 | 7.00 | 53.00 | 60.00 | OK |
Version: 1.0-7
Check: Rd cross-references
Result: NOTE
Undeclared package ‘vowels’ in Rd xrefs
Flavor: r-devel-linux-x86_64-fedora-clang