CRAN Package Check Results for Package phonR

Last updated on 2023-01-28 01:50:17 CET.

Flavor Version Tinstall Tcheck Ttotal Status Flags
r-devel-linux-x86_64-debian-clang 1.0-7 3.95 36.16 40.11 OK
r-devel-linux-x86_64-debian-gcc 1.0-7 3.43 26.84 30.27 OK
r-devel-linux-x86_64-fedora-clang 1.0-7 49.41 NOTE
r-devel-linux-x86_64-fedora-gcc 1.0-7 46.89 OK
r-patched-linux-x86_64 1.0-7 3.23 35.59 38.82 OK
r-release-linux-x86_64 1.0-7 3.58 33.90 37.48 OK
r-release-macos-arm64 1.0-7 21.00 OK
r-release-macos-x86_64 1.0-7 26.00 OK
r-release-windows-x86_64 1.0-7 15.00 61.00 76.00 OK
r-oldrel-macos-arm64 1.0-7 19.00 OK
r-oldrel-macos-x86_64 1.0-7 31.00 OK
r-oldrel-windows-ix86+x86_64 1.0-7 8.00 59.00 67.00 OK

Check Details

Version: 1.0-7
Check: Rd cross-references
Result: NOTE
    Undeclared package ‘vowels’ in Rd xrefs
Flavor: r-devel-linux-x86_64-fedora-clang