Last updated on 2023-09-22 07:57:39 CEST.
Flavor | Version | Tinstall | Tcheck | Ttotal | Status | Flags |
---|---|---|---|---|---|---|
r-devel-linux-x86_64-debian-clang | 2.1.0 | 4.15 | 44.15 | 48.30 | NOTE | |
r-devel-linux-x86_64-debian-gcc | 2.1.0 | 2.86 | 33.76 | 36.62 | NOTE | |
r-devel-linux-x86_64-fedora-clang | 2.1.0 | 63.63 | NOTE | |||
r-devel-linux-x86_64-fedora-gcc | 2.1.0 | 69.59 | NOTE | |||
r-devel-windows-x86_64 | 2.1.0 | 5.00 | 56.00 | 61.00 | NOTE | |
r-patched-linux-x86_64 | 2.1.0 | 3.30 | 41.95 | 45.25 | NOTE | |
r-release-linux-x86_64 | 2.1.0 | 2.94 | 42.28 | 45.22 | NOTE | |
r-release-macos-arm64 | 2.1.0 | 29.00 | NOTE | |||
r-release-macos-x86_64 | 2.1.0 | 43.00 | NOTE | |||
r-release-windows-x86_64 | 2.1.0 | 5.00 | 59.00 | 64.00 | NOTE | |
r-oldrel-macos-arm64 | 2.1.0 | 28.00 | NOTE | |||
r-oldrel-macos-x86_64 | 2.1.0 | 33.00 | NOTE | |||
r-oldrel-windows-x86_64 | 2.1.0 | 8.00 | 65.00 | 73.00 | NOTE |
Version: 2.1.0
Check: LazyData
Result: NOTE
'LazyData' is specified without a 'data' directory
Flavors: r-devel-linux-x86_64-debian-clang, r-devel-linux-x86_64-debian-gcc, r-devel-linux-x86_64-fedora-clang, r-devel-linux-x86_64-fedora-gcc, r-devel-windows-x86_64, r-patched-linux-x86_64, r-release-linux-x86_64, r-release-macos-arm64, r-release-macos-x86_64, r-release-windows-x86_64, r-oldrel-macos-arm64, r-oldrel-macos-x86_64, r-oldrel-windows-x86_64