Last updated on 2023-02-06 00:52:39 CET.
Flavor | Version | Tinstall | Tcheck | Ttotal | Status | Flags |
---|---|---|---|---|---|---|
r-devel-linux-x86_64-debian-clang | 1.12.2 | 28.32 | 177.33 | 205.65 | OK | |
r-devel-linux-x86_64-debian-gcc | 1.12.2 | 19.68 | 126.81 | 146.49 | OK | |
r-devel-linux-x86_64-fedora-clang | 1.12.2 | 244.73 | NOTE | |||
r-devel-linux-x86_64-fedora-gcc | 1.12.2 | 250.04 | NOTE | |||
r-devel-windows-x86_64 | 1.12.2 | 218.00 | 240.00 | 458.00 | OK | |
r-patched-linux-x86_64 | 1.12.2 | 23.75 | 163.50 | 187.25 | OK | |
r-release-linux-x86_64 | 1.12.2 | 24.27 | 159.57 | 183.84 | OK | |
r-release-macos-arm64 | 1.12.2 | 67.00 | NOTE | |||
r-release-macos-x86_64 | 1.12.2 | 83.00 | NOTE | |||
r-release-windows-x86_64 | 1.12.2 | 157.00 | 232.00 | 389.00 | OK | |
r-oldrel-macos-arm64 | 1.12.2 | 75.00 | NOTE | |||
r-oldrel-macos-x86_64 | 1.12.2 | 91.00 | NOTE | |||
r-oldrel-windows-ix86+x86_64 | 1.12.2 | 44.00 | 226.00 | 270.00 | NOTE |
Version: 1.12.2
Check: data for non-ASCII characters
Result: NOTE
Note: found 3 marked UTF-8 strings
Flavors: r-devel-linux-x86_64-fedora-clang, r-devel-linux-x86_64-fedora-gcc, r-release-macos-arm64, r-release-macos-x86_64, r-oldrel-macos-arm64, r-oldrel-macos-x86_64
Version: 1.12.2
Check: R code for possible problems
Result: NOTE
at_trans : <anonymous>: no visible global function definition for
‘viewportTransform’
at_trans : <anonymous>: no visible global function definition for
‘groupShear’
at_trans : <anonymous>: no visible global function definition for
‘groupFlip’
grobCoords.pp_grobCoords: no visible global function definition for
‘emptyGrobCoords’
grobCoords.pp_ps_transformation: no visible global function definition
for ‘emptyGrobCoords’
makeContent.pp_transformation: no visible global function definition
for ‘defineGrob’
makeContent.pp_transformation: no visible global function definition
for ‘useGrob’
transformationGrob: no visible binding for global variable
‘viewportTransform’
xylists_to_grobcoords: no visible global function definition for
‘emptyGrobCoords’
xylists_to_grobcoords: no visible global function definition for
‘gridCoords’
xylists_to_grobcoords : <anonymous>: no visible global function
definition for ‘gridCoords’
xylists_to_grobcoords: no visible global function definition for
‘gridGrobCoords’
Undefined global functions or variables:
defineGrob emptyGrobCoords gridCoords gridGrobCoords groupFlip
groupShear useGrob viewportTransform
Flavors: r-oldrel-macos-arm64, r-oldrel-macos-x86_64, r-oldrel-windows-ix86+x86_64