CRAN Package Check Results for Package pingr

Last updated on 2020-05-31 01:48:48 CEST.

Flavor Version Tinstall Tcheck Ttotal Status Flags
r-devel-linux-x86_64-debian-clang 2.0.0 3.46 20.30 23.76 OK
r-devel-linux-x86_64-debian-gcc 2.0.0 2.53 16.25 18.78 OK
r-devel-linux-x86_64-fedora-clang 2.0.0 29.45 OK
r-devel-linux-x86_64-fedora-gcc 2.0.0 28.14 OK
r-devel-windows-ix86+x86_64 2.0.0 20.00 47.00 67.00 ERROR
r-patched-linux-x86_64 2.0.0 3.25 20.37 23.62 OK
r-patched-solaris-x86 2.0.0 43.80 OK
r-release-linux-x86_64 2.0.0 2.85 20.67 23.52 OK
r-release-osx-x86_64 2.0.0 OK
r-release-windows-ix86+x86_64 2.0.0 18.00 70.00 88.00 ERROR
r-oldrel-osx-x86_64 2.0.0 OK
r-oldrel-windows-ix86+x86_64 2.0.0 21.00 42.00 63.00 ERROR

Check Details

Version: 2.0.0
Check: running examples for arch ‘i386’
Result: ERROR
    Running examples in 'pingr-Ex.R' failed
    The error most likely occurred in:
    
    > ### Name: my_ip
    > ### Title: Query the computer's public IP address
    > ### Aliases: my_ip
    >
    > ### ** Examples
    >
    > my_ip()
    [1] "129.217.207.166"
    > my_ip(method = "https")
    Error in utils::download.file(url, tmp, quiet = TRUE) :
     cannot open URL 'https://ipv4.icanhazip.com/'
    Calls: my_ip -> my_ip_https -> http_get
    Execution halted
Flavors: r-devel-windows-ix86+x86_64, r-release-windows-ix86+x86_64, r-oldrel-windows-ix86+x86_64

Version: 2.0.0
Check: running examples for arch ‘x64’
Result: ERROR
    Running examples in 'pingr-Ex.R' failed
    The error most likely occurred in:
    
    > ### Name: my_ip
    > ### Title: Query the computer's public IP address
    > ### Aliases: my_ip
    >
    > ### ** Examples
    >
    > my_ip()
    [1] "129.217.207.166"
    > my_ip(method = "https")
    Error in utils::download.file(url, tmp, quiet = TRUE) :
     cannot open URL 'https://ipv4.icanhazip.com/'
    Calls: my_ip -> my_ip_https -> http_get
    Execution halted
Flavors: r-devel-windows-ix86+x86_64, r-release-windows-ix86+x86_64, r-oldrel-windows-ix86+x86_64