CRAN Package Check Results for Package pinochet

Last updated on 2020-04-02 01:53:20 CEST.

Flavor Version Tinstall Tcheck Ttotal Status Flags
r-devel-linux-x86_64-debian-clang 0.1.0 2.03 24.95 26.98 OK
r-devel-linux-x86_64-debian-gcc 0.1.0 1.53 19.69 21.22 OK
r-devel-linux-x86_64-fedora-clang 0.1.0 33.58 NOTE
r-devel-linux-x86_64-fedora-gcc 0.1.0 32.47 NOTE
r-devel-windows-ix86+x86_64 0.1.0 7.00 37.00 44.00 OK
r-devel-windows-ix86+x86_64-gcc8 0.1.0 5.00 36.00 41.00 OK
r-patched-linux-x86_64 0.1.0 1.85 24.62 26.47 OK
r-patched-solaris-x86 0.1.0 56.50 NOTE
r-release-linux-x86_64 0.1.0 1.35 23.22 24.57 OK
r-release-windows-ix86+x86_64 0.1.0 5.00 39.00 44.00 OK
r-release-osx-x86_64 0.1.0 NOTE
r-oldrel-windows-ix86+x86_64 0.1.0 5.00 51.00 56.00 OK
r-oldrel-osx-x86_64 0.1.0 NOTE

Check Details

Version: 0.1.0
Check: data for non-ASCII characters
Result: NOTE
     Note: found 2048 marked UTF-8 strings
Flavors: r-devel-linux-x86_64-fedora-clang, r-devel-linux-x86_64-fedora-gcc, r-patched-solaris-x86, r-release-osx-x86_64, r-oldrel-osx-x86_64