CRAN Package Check Results for Package pirate

Last updated on 2020-07-03 01:49:10 CEST.

Flavor Version Tinstall Tcheck Ttotal Status Flags
r-devel-linux-x86_64-debian-clang 1.0.0 37.44 43.18 80.62 OK
r-devel-linux-x86_64-debian-gcc 1.0.0 28.55 33.56 62.11 OK
r-devel-linux-x86_64-fedora-clang 1.0.0 117.70 NOTE
r-devel-linux-x86_64-fedora-gcc 1.0.0 101.83 NOTE
r-devel-windows-ix86+x86_64 1.0.0 105.00 92.00 197.00 OK
r-patched-linux-x86_64 1.0.0 30.18 42.89 73.07 OK
r-patched-solaris-x86 1.0.0 113.00 OK
r-release-linux-x86_64 1.0.0 29.60 42.84 72.44 OK
r-release-osx-x86_64 1.0.0 OK
r-release-windows-ix86+x86_64 1.0.0 85.00 90.00 175.00 OK
r-oldrel-osx-x86_64 1.0.0 OK
r-oldrel-windows-ix86+x86_64 1.0.0 94.00 121.00 215.00 OK

Check Details

Version: 1.0.0
Check: compiled code
Result: NOTE
    File ‘pirate/libs/pirate.so’:
     Found no calls to: ‘R_registerRoutines’, ‘R_useDynamicSymbols’
    
    It is good practice to register native routines and to disable symbol
    search.
    
    See ‘Writing portable packages’ in the ‘Writing R Extensions’ manual.
Flavors: r-devel-linux-x86_64-fedora-clang, r-devel-linux-x86_64-fedora-gcc