CRAN Package Check Results for Package pirate

Last updated on 2019-12-06 00:50:04 CET.

Flavor Version Tinstall Tcheck Ttotal Status Flags
r-devel-linux-x86_64-debian-clang 1.0.0 35.71 41.69 77.40 OK
r-devel-linux-x86_64-debian-gcc 1.0.0 25.91 31.73 57.64 OK
r-devel-linux-x86_64-fedora-clang 1.0.0 95.95 NOTE
r-devel-linux-x86_64-fedora-gcc 1.0.0 91.88 NOTE
r-devel-windows-ix86+x86_64 1.0.0 62.00 126.00 188.00 OK
r-devel-windows-ix86+x86_64-gcc8 1.0.0 74.00 121.00 195.00 OK
r-patched-linux-x86_64 1.0.0 24.58 37.15 61.73 OK
r-patched-solaris-x86 1.0.0 103.60 OK
r-release-linux-x86_64 1.0.0 27.17 37.47 64.64 OK
r-release-windows-ix86+x86_64 1.0.0 59.00 81.00 140.00 OK
r-release-osx-x86_64 1.0.0 OK
r-oldrel-windows-ix86+x86_64 1.0.0 60.00 82.00 142.00 OK
r-oldrel-osx-x86_64 1.0.0 OK

Check Details

Version: 1.0.0
Check: compiled code
Result: NOTE
    File ‘pirate/libs/pirate.so’:
     Found no calls to: ‘R_registerRoutines’, ‘R_useDynamicSymbols’
    
    It is good practice to register native routines and to disable symbol
    search.
    
    See ‘Writing portable packages’ in the ‘Writing R Extensions’ manual.
Flavors: r-devel-linux-x86_64-fedora-clang, r-devel-linux-x86_64-fedora-gcc