Last updated on 2023-01-29 00:53:43 CET.
Flavor | Version | Tinstall | Tcheck | Ttotal | Status | Flags |
---|---|---|---|---|---|---|
r-devel-linux-x86_64-debian-clang | 1.8.2 | 13.54 | 122.22 | 135.76 | NOTE | |
r-devel-linux-x86_64-debian-gcc | 1.8.2 | 12.03 | 91.15 | 103.18 | NOTE | |
r-devel-linux-x86_64-fedora-clang | 1.8.2 | 170.47 | NOTE | |||
r-devel-linux-x86_64-fedora-gcc | 1.8.2 | 167.33 | NOTE | |||
r-patched-linux-x86_64 | 1.8.2 | 14.33 | 116.64 | 130.97 | NOTE | |
r-release-linux-x86_64 | 1.8.2 | 11.55 | 118.26 | 129.81 | NOTE | |
r-release-macos-arm64 | 1.8.2 | 45.00 | NOTE | |||
r-release-macos-x86_64 | 1.8.2 | 86.00 | NOTE | |||
r-release-windows-x86_64 | 1.8.2 | 29.00 | 146.00 | 175.00 | NOTE | |
r-oldrel-macos-arm64 | 1.8.2 | 52.00 | NOTE | |||
r-oldrel-macos-x86_64 | 1.8.2 | 86.00 | NOTE | |||
r-oldrel-windows-ix86+x86_64 | 1.8.2 | 31.00 | 137.00 | 168.00 | NOTE |
Version: 1.8.2
Check: package dependencies
Result: NOTE
Package suggested but not available for checking: ‘ggsubplot’
Flavors: r-devel-linux-x86_64-debian-clang, r-devel-linux-x86_64-debian-gcc, r-devel-linux-x86_64-fedora-clang, r-devel-linux-x86_64-fedora-gcc, r-patched-linux-x86_64, r-release-linux-x86_64, r-release-macos-arm64, r-release-macos-x86_64, r-release-windows-x86_64, r-oldrel-macos-arm64, r-oldrel-macos-x86_64, r-oldrel-windows-ix86+x86_64