CRAN Package Check Results for Package pkgcache

Last updated on 2024-06-21 06:58:20 CEST.

Flavor Version Tinstall Tcheck Ttotal Status Flags
r-devel-linux-x86_64-debian-clang 2.2.2 15.84 75.41 91.25 OK
r-devel-linux-x86_64-debian-gcc 2.2.2 16.91 54.84 71.75 NOTE
r-devel-linux-x86_64-fedora-clang 2.2.2 133.50 NOTE
r-devel-linux-x86_64-fedora-gcc 2.2.2 119.27 NOTE
r-devel-windows-x86_64 2.2.2 26.00 73.00 99.00 NOTE
r-patched-linux-x86_64 2.2.2 21.87 71.41 93.28 OK
r-release-linux-x86_64 2.2.2 17.00 72.12 89.12 OK
r-release-macos-arm64 2.2.2 35.00 OK
r-release-macos-x86_64 2.2.2 52.00 OK
r-release-windows-x86_64 2.2.2 24.00 75.00 99.00 OK
r-oldrel-macos-arm64 2.2.2 44.00 OK
r-oldrel-macos-x86_64 2.2.2 78.00 OK
r-oldrel-windows-x86_64 2.2.2 31.00 92.00 123.00 OK

Check Details

Version: 2.2.2
Check: compiled code
Result: NOTE File ‘pkgcache/libs/pkgcache.so’: Found non-API call to R: ‘STRING_PTR’ Compiled code should not call non-API entry points in R. See ‘Writing portable packages’ in the ‘Writing R Extensions’ manual. Flavors: r-devel-linux-x86_64-debian-gcc, r-devel-linux-x86_64-fedora-clang, r-devel-linux-x86_64-fedora-gcc

Version: 2.2.2
Check: compiled code
Result: NOTE File 'pkgcache/libs/x64/pkgcache.dll': Found non-API call to R: 'STRING_PTR' Compiled code should not call non-API entry points in R. See 'Writing portable packages' in the 'Writing R Extensions' manual. Flavor: r-devel-windows-x86_64