CRAN Package Check Results for Package pkggraph

Last updated on 2020-07-15 02:47:00 CEST.

Flavor Version Tinstall Tcheck Ttotal Status Flags
r-devel-linux-x86_64-debian-clang 0.2.3 11.37 137.68 149.05 OK
r-devel-linux-x86_64-debian-gcc 0.2.3 10.30 104.12 114.42 OK
r-devel-linux-x86_64-fedora-clang 0.2.3 183.65 OK
r-devel-linux-x86_64-fedora-gcc 0.2.3 180.23 OK
r-devel-windows-ix86+x86_64 0.2.3 36.00 148.00 184.00 OK
r-patched-linux-x86_64 0.2.3 10.96 139.74 150.70 OK
r-patched-solaris-x86 0.2.3 259.80 NOTE
r-release-linux-x86_64 0.2.3 10.11 138.79 148.90 OK
r-release-macos-x86_64 0.2.3 ERROR
r-release-windows-ix86+x86_64 0.2.3 39.00 198.00 237.00 OK
r-oldrel-macos-x86_64 0.2.3 OK
r-oldrel-windows-ix86+x86_64 0.2.3 40.00 219.00 259.00 OK

Check Details

Version: 0.2.3
Check: installed package size
Result: NOTE
     installed size is 5.1Mb
     sub-directories of 1Mb or more:
     doc 4.4Mb
Flavor: r-patched-solaris-x86

Version: 0.2.3
Check: whether package can be installed
Result: ERROR
    Installation failed.
Flavor: r-release-macos-x86_64