CRAN Package Check Results for Package pkggraph

Last updated on 2020-04-08 01:49:05 CEST.

Flavor Version Tinstall Tcheck Ttotal Status Flags
r-devel-linux-x86_64-debian-clang 0.2.3 10.49 145.63 156.12 OK
r-devel-linux-x86_64-debian-gcc 0.2.3 9.27 107.87 117.14 OK
r-devel-linux-x86_64-fedora-clang 0.2.3 182.12 OK
r-devel-linux-x86_64-fedora-gcc 0.2.3 199.51 OK
r-devel-windows-ix86+x86_64 0.2.3 32.00 231.00 263.00 OK
r-devel-windows-ix86+x86_64-gcc8 0.2.3 23.00 148.00 171.00 OK
r-patched-linux-x86_64 0.2.3 10.79 136.08 146.87 OK
r-patched-solaris-x86 0.2.3 270.80 NOTE
r-release-linux-x86_64 0.2.3 9.63 135.27 144.90 OK
r-release-windows-ix86+x86_64 0.2.3 37.00 228.00 265.00 OK
r-release-osx-x86_64 0.2.3 OK
r-oldrel-windows-ix86+x86_64 0.2.3 17.00 170.00 187.00 OK
r-oldrel-osx-x86_64 0.2.3 OK

Check Details

Version: 0.2.3
Check: installed package size
Result: NOTE
     installed size is 5.1Mb
     sub-directories of 1Mb or more:
     doc 4.4Mb
Flavor: r-patched-solaris-x86