CRAN Package Check Results for Package pkgmaker

Last updated on 2020-02-28 00:48:02 CET.

Flavor Version Tinstall Tcheck Ttotal Status Flags
r-devel-linux-x86_64-debian-clang 0.31 10.31 57.44 67.75 ERROR
r-devel-linux-x86_64-debian-gcc 0.31 7.90 44.17 52.07 ERROR
r-devel-linux-x86_64-fedora-clang 0.31 84.15 NOTE
r-devel-linux-x86_64-fedora-gcc 0.31 77.94 NOTE
r-devel-windows-ix86+x86_64 0.31 14.00 74.00 88.00 OK
r-devel-windows-ix86+x86_64-gcc8 0.31 13.00 74.00 87.00 OK
r-patched-linux-x86_64 0.31 6.97 52.48 59.45 OK
r-patched-solaris-x86 0.31 102.50 NOTE
r-release-linux-x86_64 0.31 9.18 52.27 61.45 OK
r-release-windows-ix86+x86_64 0.31 12.00 70.00 82.00 OK
r-release-osx-x86_64 0.31 NOTE
r-oldrel-windows-ix86+x86_64 0.31 10.00 67.00 77.00 WARN
r-oldrel-osx-x86_64 0.31 NOTE

Check Details

Version: 0.31
Check: tests
Result: ERROR
     Running 'testthat.R' [2s/3s]
    Running the tests in 'tests/testthat.R' failed.
    Complete output:
     > library(testthat)
     > library(pkgmaker)
     Loading required package: registry
    
     Attaching package: 'pkgmaker'
    
     The following object is masked from 'package:base':
    
     isFALSE
    
     >
     > test_check("pkgmaker")
     -- 1. Failure: ldata (@test-utils.r#154) --------------------------------------
     e[["iris"]] not identical to `a`.
     Component "Species": 'current' is not a factor
    
     == testthat results ===========================================================
     [ OK: 92 | SKIPPED: 0 | WARNINGS: 5 | FAILED: 1 ]
     1. Failure: ldata (@test-utils.r#154)
    
     Error: testthat unit tests failed
     Execution halted
Flavor: r-devel-linux-x86_64-debian-clang

Version: 0.31
Check: tests
Result: ERROR
     Running ‘testthat.R’ [2s/3s]
    Running the tests in ‘tests/testthat.R’ failed.
    Complete output:
     > library(testthat)
     > library(pkgmaker)
     Loading required package: registry
    
     Attaching package: 'pkgmaker'
    
     The following object is masked from 'package:base':
    
     isFALSE
    
     >
     > test_check("pkgmaker")
     ── 1. Failure: ldata (@test-utils.r#154) ──────────────────────────────────────
     e[["iris"]] not identical to `a`.
     Component "Species": 'current' is not a factor
    
     ══ testthat results ═══════════════════════════════════════════════════════════
     [ OK: 92 | SKIPPED: 0 | WARNINGS: 5 | FAILED: 1 ]
     1. Failure: ldata (@test-utils.r#154)
    
     Error: testthat unit tests failed
     Execution halted
Flavor: r-devel-linux-x86_64-debian-gcc

Version: 0.31
Check: dependencies in R code
Result: NOTE
    Namespaces in Imports field not imported from:
     ‘magrittr’ ‘stringi’
     All declared Imports should be used.
Flavors: r-devel-linux-x86_64-fedora-clang, r-devel-linux-x86_64-fedora-gcc, r-patched-solaris-x86, r-release-osx-x86_64, r-oldrel-osx-x86_64

Version: 0.31
Check: whether package can be installed
Result: WARN
    Found the following significant warnings:
     Warning: S3 method 'format.SQLiteConnection' was declared in NAMESPACE but not found
Flavor: r-oldrel-windows-ix86+x86_64