CRAN Package Check Results for Package pkgnet

Last updated on 2023-01-30 01:53:40 CET.

Flavor Version Tinstall Tcheck Ttotal Status Flags
r-devel-linux-x86_64-debian-clang 0.4.2 15.32 52.86 68.18 OK
r-devel-linux-x86_64-debian-gcc 0.4.2 9.03 39.27 48.30 OK
r-devel-linux-x86_64-fedora-clang 0.4.2 81.68 NOTE
r-devel-linux-x86_64-fedora-gcc 0.4.2 78.55 OK
r-devel-windows-x86_64 0.4.2 99.00 83.00 182.00 OK
r-patched-linux-x86_64 0.4.2 11.15 49.16 60.31 OK
r-release-linux-x86_64 0.4.2 9.75 48.61 58.36 OK
r-release-macos-arm64 0.4.2 27.00 OK
r-release-macos-x86_64 0.4.2 38.00 OK
r-release-windows-x86_64 0.4.2 69.00 83.00 152.00 OK
r-oldrel-macos-arm64 0.4.2 27.00 OK
r-oldrel-macos-x86_64 0.4.2 40.00 OK
r-oldrel-windows-ix86+x86_64 0.4.2 24.00 75.00 99.00 OK

Check Details

Version: 0.4.2
Check: Rd cross-references
Result: NOTE
    Undeclared package ‘htmlwidgets’ in Rd xrefs
Flavor: r-devel-linux-x86_64-fedora-clang