CRAN Package Check Results for Package pksensi

Last updated on 2019-10-18 02:47:50 CEST.

Flavor Version Tinstall Tcheck Ttotal Status Flags
r-devel-linux-x86_64-debian-clang 1.1.4 6.09 56.36 62.45 OK
r-devel-linux-x86_64-debian-gcc 1.1.4 5.35 42.64 47.99 OK
r-devel-linux-x86_64-fedora-clang 1.1.4 74.13 OK
r-devel-linux-x86_64-fedora-gcc 1.1.4 71.25 OK
r-devel-windows-ix86+x86_64 1.1.4 20.00 71.00 91.00 OK
r-patched-linux-x86_64 1.1.4 5.80 53.62 59.42 OK
r-patched-solaris-x86 1.1.4 101.00 OK
r-release-linux-x86_64 1.1.4 5.80 54.92 60.72 OK
r-release-windows-ix86+x86_64 1.1.4 13.00 113.00 126.00 OK
r-release-osx-x86_64 1.1.4 OK
r-oldrel-windows-ix86+x86_64 1.1.4 9.00 63.00 72.00 WARN
r-oldrel-osx-x86_64 1.1.4 WARN

Check Details

Version: 1.1.4
Check: whether package can be installed
Result: WARN
    Found the following significant warnings:
     Warning: D:/temp/RtmpmMRdbB/R.INSTALL2d9c439ec2065/pksensi/man/compile_model.Rd:16: unknown macro '\proglang'
     Warning: D:/temp/RtmpmMRdbB/R.INSTALL2d9c439ec2065/pksensi/man/compile_model.Rd:30: unknown macro '\proglang'
     Warning: D:/temp/RtmpmMRdbB/R.INSTALL2d9c439ec2065/pksensi/man/compile_model.Rd:34: unknown macro '\proglang'
Flavor: r-oldrel-windows-ix86+x86_64

Version: 1.1.4
Check: Rd files
Result: WARN
    prepare_Rd: compile_model.Rd:16: unknown macro '\proglang'
    prepare_Rd: compile_model.Rd:30: unknown macro '\proglang'
    prepare_Rd: compile_model.Rd:34: unknown macro '\proglang'
Flavors: r-oldrel-windows-ix86+x86_64, r-oldrel-osx-x86_64

Version: 1.1.4
Check: whether package can be installed
Result: WARN
    Found the following significant warnings:
     Warning: /Volumes/SSD-Data/Builds/R-dev-web/QA/Simon/packages/el-capitan-x86_64/results/3.5/pksensi.Rcheck/00_pkg_src/pksensi/man/compile_model.Rd:16: unknown macro '\proglang'
     Warning: /Volumes/SSD-Data/Builds/R-dev-web/QA/Simon/packages/el-capitan-x86_64/results/3.5/pksensi.Rcheck/00_pkg_src/pksensi/man/compile_model.Rd:30: unknown macro '\proglang'
     Warning: /Volumes/SSD-Data/Builds/R-dev-web/QA/Simon/packages/el-capitan-x86_64/results/3.5/pksensi.Rcheck/00_pkg_src/pksensi/man/compile_model.Rd:34: unknown macro '\proglang'
Flavor: r-oldrel-osx-x86_64