CRAN Package Check Results for Package planor

Last updated on 2020-07-09 01:57:47 CEST.

Flavor Version Tinstall Tcheck Ttotal Status Flags
r-devel-linux-x86_64-debian-clang 1.5-3 85.33 119.55 204.88 OK
r-devel-linux-x86_64-debian-gcc 1.5-3 62.24 90.38 152.62 OK
r-devel-linux-x86_64-fedora-clang 1.5-3 282.69 NOTE
r-devel-linux-x86_64-fedora-gcc 1.5-3 263.82 OK
r-devel-windows-ix86+x86_64 1.5-3 171.00 176.00 347.00 OK
r-patched-linux-x86_64 1.5-3 73.99 119.18 193.17 OK
r-patched-solaris-x86 1.5-3 228.60 OK
r-release-linux-x86_64 1.5-3 65.57 118.89 184.46 OK
r-release-osx-x86_64 1.5-3 NOTE
r-release-windows-ix86+x86_64 1.5-3 153.00 227.00 380.00 OK
r-oldrel-osx-x86_64 1.5-3 NOTE
r-oldrel-windows-ix86+x86_64 1.5-3 203.00 164.00 367.00 OK

Check Details

Version: 1.5-3
Check: installed package size
Result: NOTE
     installed size is 5.3Mb
     sub-directories of 1Mb or more:
     doc 2.1Mb
     libs 2.7Mb
Flavors: r-devel-linux-x86_64-fedora-clang, r-release-osx-x86_64, r-oldrel-osx-x86_64