Last updated on 2021-02-26 00:48:24 CET.
Flavor | Version | Tinstall | Tcheck | Ttotal | Status | Flags |
---|---|---|---|---|---|---|
r-devel-linux-x86_64-debian-clang | 1.1.0 | 23.80 | 148.13 | 171.93 | OK | |
r-devel-linux-x86_64-debian-gcc | 1.1.0 | 18.96 | 110.68 | 129.64 | OK | |
r-devel-linux-x86_64-fedora-clang | 1.1.0 | 209.62 | NOTE | |||
r-devel-linux-x86_64-fedora-gcc | 1.1.0 | 200.11 | NOTE | |||
r-devel-windows-ix86+x86_64 | 1.1.0 | 39.00 | 165.00 | 204.00 | OK | |
r-patched-linux-x86_64 | 1.1.0 | 21.67 | 134.62 | 156.29 | OK | |
r-release-linux-x86_64 | 1.1.0 | 21.26 | 136.97 | 158.23 | OK | |
r-release-macos-x86_64 | 1.1.0 | NOTE | ||||
r-release-windows-ix86+x86_64 | 1.1.0 | 54.00 | 175.00 | 229.00 | OK | |
r-oldrel-macos-x86_64 | 1.1.0 | NOTE | ||||
r-oldrel-windows-ix86+x86_64 | 1.1.0 | 30.00 | 177.00 | 207.00 | OK |
Version: 1.1.0
Check: package dependencies
Result: NOTE
Imports includes 40 non-default packages.
Importing from so many packages makes the package vulnerable to any of
them becoming unavailable. Move as many as possible to Suggests and
use conditionally.
Flavor: r-devel-linux-x86_64-fedora-clang
Version: 1.1.0
Check: dependencies in R code
Result: NOTE
Namespaces in Imports field not imported from:
‘V8’ ‘devtools’ ‘formatR’ ‘gdata’ ‘rhandsontable’ ‘shinybusy’
‘shinythemes’ ‘sqldf’ ‘tidyr’
All declared Imports should be used.
Flavors: r-devel-linux-x86_64-fedora-clang, r-devel-linux-x86_64-fedora-gcc, r-release-macos-x86_64
Version: 1.1.0
Check: dependencies in R code
Result: NOTE
No protocol specified
No protocol specified
Namespaces in Imports field not imported from:
‘V8’ ‘devtools’ ‘formatR’ ‘gdata’ ‘rhandsontable’ ‘shinybusy’
‘shinythemes’ ‘sqldf’ ‘tidyr’
All declared Imports should be used.
Flavor: r-oldrel-macos-x86_64