CRAN Package Check Results for Package plotDK

Last updated on 2022-06-30 01:49:15 CEST.

Flavor Version Tinstall Tcheck Ttotal Status Flags
r-devel-linux-x86_64-debian-clang 0.1.0 9.30 68.94 78.24 OK
r-devel-linux-x86_64-debian-gcc 0.1.0 7.22 51.76 58.98 OK
r-devel-linux-x86_64-fedora-clang 0.1.0 103.21 NOTE
r-devel-linux-x86_64-fedora-gcc 0.1.0 100.15 NOTE
r-devel-windows-x86_64 0.1.0 45.00 97.00 142.00 OK
r-patched-linux-x86_64 0.1.0 8.27 66.40 74.67 OK
r-release-linux-x86_64 0.1.0 7.35 64.53 71.88 OK
r-release-macos-arm64 0.1.0 30.00 NOTE
r-release-macos-x86_64 0.1.0 51.00 NOTE
r-release-windows-x86_64 0.1.0 27.00 93.00 120.00 OK
r-oldrel-macos-arm64 0.1.0 30.00 NOTE
r-oldrel-macos-x86_64 0.1.0 41.00 NOTE
r-oldrel-windows-ix86+x86_64 0.1.0 20.00 87.00 107.00 OK

Check Details

Version: 0.1.0
Check: dependencies in R code
Result: NOTE
    Namespace in Imports field not imported from: ‘mapproj’
     All declared Imports should be used.
Flavors: r-devel-linux-x86_64-fedora-clang, r-devel-linux-x86_64-fedora-gcc, r-release-macos-arm64, r-release-macos-x86_64, r-oldrel-macos-arm64, r-oldrel-macos-x86_64

Version: 0.1.0
Check: data for non-ASCII characters
Result: NOTE
     Note: found 12992 marked UTF-8 strings
Flavors: r-devel-linux-x86_64-fedora-clang, r-devel-linux-x86_64-fedora-gcc, r-release-macos-arm64, r-release-macos-x86_64, r-oldrel-macos-arm64, r-oldrel-macos-x86_64