CRAN Package Check Results for Package plotDK

Last updated on 2023-06-05 07:53:01 CEST.

Flavor Version Tinstall Tcheck Ttotal Status Flags
r-devel-linux-x86_64-debian-clang 0.1.0 8.69 61.22 69.91 OK
r-devel-linux-x86_64-debian-gcc 0.1.0 7.45 47.02 54.47 OK
r-devel-linux-x86_64-fedora-clang 0.1.0 86.86 NOTE
r-devel-linux-x86_64-fedora-gcc 0.1.0 81.08 NOTE
r-devel-windows-x86_64 0.1.0 10.00 68.00 78.00 OK
r-patched-linux-x86_64 0.1.0 6.53 57.01 63.54 OK
r-release-linux-x86_64 0.1.0 5.82 56.91 62.73 OK
r-release-macos-arm64 0.1.0 30.00 OK
r-release-macos-x86_64 0.1.0 44.00 OK
r-release-windows-x86_64 0.1.0 13.00 73.00 86.00 OK
r-oldrel-macos-arm64 0.1.0 30.00 NOTE
r-oldrel-macos-x86_64 0.1.0 51.00 NOTE
r-oldrel-windows-x86_64 0.1.0 14.00 79.00 93.00 OK

Check Details

Version: 0.1.0
Check: dependencies in R code
Result: NOTE
    Namespace in Imports field not imported from: ‘mapproj’
     All declared Imports should be used.
Flavors: r-devel-linux-x86_64-fedora-clang, r-devel-linux-x86_64-fedora-gcc, r-oldrel-macos-arm64, r-oldrel-macos-x86_64

Version: 0.1.0
Check: data for non-ASCII characters
Result: NOTE
     Note: found 12992 marked UTF-8 strings
Flavors: r-devel-linux-x86_64-fedora-clang, r-devel-linux-x86_64-fedora-gcc, r-oldrel-macos-arm64, r-oldrel-macos-x86_64