Last updated on 2021-04-19 02:46:56 CEST.
Flavor | Version | Tinstall | Tcheck | Ttotal | Status | Flags |
---|---|---|---|---|---|---|
r-devel-linux-x86_64-debian-clang | 0.1.9 | 9.11 | 68.78 | 77.89 | NOTE | |
r-devel-linux-x86_64-debian-gcc | 0.1.9 | 6.15 | 51.13 | 57.28 | NOTE | |
r-devel-linux-x86_64-fedora-clang | 0.1.9 | 106.95 | NOTE | |||
r-devel-linux-x86_64-fedora-gcc | 0.1.9 | 87.36 | NOTE | |||
r-devel-windows-ix86+x86_64 | 0.1.9 | 14.00 | 66.00 | 80.00 | NOTE | |
r-devel-windows-x86_64-gcc10-UCRT | 0.1.9 | NOTE | ||||
r-patched-linux-x86_64 | 0.1.9 | 8.84 | 63.00 | 71.84 | OK | |
r-patched-solaris-x86 | 0.1.9 | 128.10 | OK | |||
r-release-linux-x86_64 | 0.1.9 | 9.00 | 62.72 | 71.72 | OK | |
r-release-macos-x86_64 | 0.1.9 | OK | ||||
r-release-windows-ix86+x86_64 | 0.1.9 | 18.00 | 72.00 | 90.00 | OK | |
r-oldrel-macos-x86_64 | 0.1.9 | OK | ||||
r-oldrel-windows-ix86+x86_64 | 0.1.9 | 9.00 | 82.00 | 91.00 | OK |
Version: 0.1.9
Check: LazyData
Result: NOTE
'LazyData' is specified without a 'data' directory
Flavors: r-devel-linux-x86_64-debian-clang, r-devel-linux-x86_64-debian-gcc, r-devel-linux-x86_64-fedora-clang, r-devel-linux-x86_64-fedora-gcc, r-devel-windows-ix86+x86_64, r-devel-windows-x86_64-gcc10-UCRT