Last updated on 2021-04-13 01:47:48 CEST.
Flavor | Version | Tinstall | Tcheck | Ttotal | Status | Flags |
---|---|---|---|---|---|---|
r-devel-linux-x86_64-debian-clang | 1.1.0 | 12.59 | 83.69 | 96.28 | NOTE | |
r-devel-linux-x86_64-debian-gcc | 1.1.0 | 10.06 | 97.30 | 107.36 | NOTE | |
r-devel-linux-x86_64-fedora-clang | 1.1.0 | 171.61 | NOTE | |||
r-devel-linux-x86_64-fedora-gcc | 1.1.0 | 193.26 | NOTE | |||
r-devel-windows-ix86+x86_64 | 1.1.0 | 24.00 | 102.00 | 126.00 | NOTE | |
r-devel-windows-x86_64-gcc10-UCRT | 1.1.0 | NOTE | ||||
r-patched-linux-x86_64 | 1.1.0 | 12.32 | 116.53 | 128.85 | OK | |
r-patched-solaris-x86 | 1.1.0 | 142.10 | ERROR | |||
r-release-linux-x86_64 | 1.1.0 | 12.14 | 118.65 | 130.79 | OK | |
r-release-macos-x86_64 | 1.1.0 | OK | ||||
r-release-windows-ix86+x86_64 | 1.1.0 | 17.00 | 113.00 | 130.00 | OK | |
r-oldrel-macos-x86_64 | 1.1.0 | OK | ||||
r-oldrel-windows-ix86+x86_64 | 1.1.0 | 20.00 | 80.00 | 100.00 | OK |
Version: 1.1.0
Check: LazyData
Result: NOTE
'LazyData' is specified without a 'data' directory
Flavors: r-devel-linux-x86_64-debian-clang, r-devel-linux-x86_64-debian-gcc, r-devel-linux-x86_64-fedora-clang, r-devel-linux-x86_64-fedora-gcc, r-devel-windows-ix86+x86_64, r-devel-windows-x86_64-gcc10-UCRT
Version: 1.1.0
Check: tests
Result: ERROR
Running ‘spelling.R’
Running ‘testthat.R’ [1m/180m]
Running the tests in ‘tests/testthat.R’ failed.
Complete output:
> library(testthat)
> library(plumber)
>
> test_check("plumber")
Execution halted
Flavor: r-patched-solaris-x86