CRAN Package Check Results for Package plumberDeploy

Last updated on 2022-08-15 02:53:50 CEST.

Flavor Version Tinstall Tcheck Ttotal Status Flags
r-devel-linux-x86_64-debian-clang 0.2.1 2.45 22.96 25.41 NOTE
r-devel-linux-x86_64-debian-gcc 0.2.1 1.89 17.83 19.72 NOTE
r-devel-linux-x86_64-fedora-clang 0.2.1 41.17 NOTE
r-devel-linux-x86_64-fedora-gcc 0.2.1 40.39 NOTE
r-devel-windows-x86_64 0.2.1 22.00 46.00 68.00 NOTE
r-patched-linux-x86_64 0.2.1 2.66 22.21 24.87 NOTE
r-release-linux-x86_64 0.2.1 2.16 22.45 24.61 NOTE
r-release-macos-arm64 0.2.1 16.00 NOTE
r-release-macos-x86_64 0.2.1 19.00 NOTE
r-release-windows-x86_64 0.2.1 16.00 46.00 62.00 NOTE
r-oldrel-macos-arm64 0.2.1 19.00 NOTE
r-oldrel-macos-x86_64 0.2.1 26.00 NOTE
r-oldrel-windows-ix86+x86_64 0.2.1 8.00 43.00 51.00 NOTE

Check Details

Version: 0.2.1
Check: LazyData
Result: NOTE
     'LazyData' is specified without a 'data' directory
Flavors: r-devel-linux-x86_64-debian-clang, r-devel-linux-x86_64-debian-gcc, r-devel-linux-x86_64-fedora-clang, r-devel-linux-x86_64-fedora-gcc, r-devel-windows-x86_64, r-patched-linux-x86_64, r-release-linux-x86_64, r-release-macos-arm64, r-release-macos-x86_64, r-release-windows-x86_64, r-oldrel-macos-arm64, r-oldrel-macos-x86_64, r-oldrel-windows-ix86+x86_64

Version: 0.2.1
Check: dependencies in R code
Result: NOTE
    Namespace in Imports field not imported from: ‘ssh’
     All declared Imports should be used.
Flavors: r-devel-linux-x86_64-fedora-clang, r-devel-linux-x86_64-fedora-gcc, r-release-macos-arm64, r-release-macos-x86_64, r-oldrel-macos-arm64, r-oldrel-macos-x86_64