CRAN Package Check Results for Package plusser

Last updated on 2021-06-22 01:49:25 CEST.

Flavor Version Tinstall Tcheck Ttotal Status Flags
r-devel-linux-x86_64-debian-clang 0.4-0 5.05 39.65 44.70 NOTE
r-devel-linux-x86_64-debian-gcc 0.4-0 3.52 30.56 34.08 NOTE
r-devel-linux-x86_64-fedora-clang 0.4-0 61.72 NOTE
r-devel-linux-x86_64-fedora-gcc 0.4-0 51.38 NOTE
r-devel-windows-x86_64 0.4-0 7.00 51.00 58.00 NOTE
r-devel-windows-x86_64-gcc10-UCRT 0.4-0 NOTE
r-patched-linux-x86_64 0.4-0 5.26 38.83 44.09 NOTE
r-patched-solaris-x86 0.4-0 80.90 NOTE
r-release-linux-x86_64 0.4-0 4.60 38.25 42.85 NOTE
r-release-macos-arm64 0.4-0 NOTE
r-release-macos-x86_64 0.4-0 NOTE
r-release-windows-ix86+x86_64 0.4-0 10.00 55.00 65.00 NOTE
r-oldrel-macos-x86_64 0.4-0 OK

Check Details

Version: 0.4-0
Check: LazyData
Result: NOTE
     'LazyData' is specified without a 'data' directory
Flavors: r-devel-linux-x86_64-debian-clang, r-devel-linux-x86_64-debian-gcc, r-devel-linux-x86_64-fedora-clang, r-devel-linux-x86_64-fedora-gcc, r-devel-windows-x86_64, r-devel-windows-x86_64-gcc10-UCRT, r-patched-linux-x86_64, r-patched-solaris-x86, r-release-linux-x86_64, r-release-macos-arm64, r-release-macos-x86_64, r-release-windows-ix86+x86_64