CRAN Package Check Results for Package png

Last updated on 2021-06-17 01:50:17 CEST.

Flavor Version Tinstall Tcheck Ttotal Status Flags
r-devel-linux-x86_64-debian-clang 0.1-7 2.76 20.39 23.15 OK
r-devel-linux-x86_64-debian-gcc 0.1-7 1.97 16.07 18.04 OK
r-devel-linux-x86_64-fedora-clang 0.1-7 37.50 NOTE
r-devel-linux-x86_64-fedora-gcc 0.1-7 27.20 NOTE
r-devel-windows-x86_64 0.1-7 8.00 36.00 44.00 OK
r-devel-windows-x86_64-gcc10-UCRT 0.1-7 OK
r-patched-linux-x86_64 0.1-7 2.47 19.57 22.04 OK
r-patched-solaris-x86 0.1-7 45.10 OK
r-release-linux-x86_64 0.1-7 2.61 19.50 22.11 OK
r-release-macos-arm64 0.1-7 OK
r-release-macos-x86_64 0.1-7 OK
r-release-windows-ix86+x86_64 0.1-7 11.00 30.00 41.00 OK
r-oldrel-macos-x86_64 0.1-7 OK
r-oldrel-windows-ix86+x86_64 0.1-7 11.00 30.00 41.00 OK

Check Details

Version: 0.1-7
Check: compiled code
Result: NOTE
    File ‘png/libs/png.so’:
     Found no calls to: ‘R_registerRoutines’, ‘R_useDynamicSymbols’
    
    It is good practice to register native routines and to disable symbol
    search.
    
    See ‘Writing portable packages’ in the ‘Writing R Extensions’ manual.
Flavors: r-devel-linux-x86_64-fedora-clang, r-devel-linux-x86_64-fedora-gcc