Last updated on 2023-02-07 00:54:26 CET.
Flavor | Version | Tinstall | Tcheck | Ttotal | Status | Flags |
---|---|---|---|---|---|---|
r-devel-linux-x86_64-debian-clang | 0.1 | 3.99 | 45.11 | 49.10 | NOTE | |
r-devel-linux-x86_64-debian-gcc | 0.1 | 3.41 | 34.78 | 38.19 | NOTE | |
r-devel-linux-x86_64-fedora-clang | 0.1 | 59.57 | NOTE | |||
r-devel-linux-x86_64-fedora-gcc | 0.1 | 88.09 | NOTE | |||
r-devel-windows-x86_64 | 0.1 | 54.00 | 81.00 | 135.00 | NOTE | |
r-patched-linux-x86_64 | 0.1 | 4.65 | 45.30 | 49.95 | NOTE | |
r-release-linux-x86_64 | 0.1 | 3.88 | 46.08 | 49.96 | NOTE | |
r-release-macos-arm64 | 0.1 | 27.00 | NOTE | |||
r-release-macos-x86_64 | 0.1 | 50.00 | NOTE | |||
r-release-windows-x86_64 | 0.1 | 37.00 | 88.00 | 125.00 | NOTE | |
r-oldrel-macos-arm64 | 0.1 | 38.00 | NOTE | |||
r-oldrel-macos-x86_64 | 0.1 | 68.00 | NOTE | |||
r-oldrel-windows-ix86+x86_64 | 0.1 | 10.00 | 74.00 | 84.00 | NOTE |
Version: 0.1
Check: package subdirectories
Result: NOTE
Problems with news in ‘NEWS.md’:
No news entries found.
Flavors: r-devel-linux-x86_64-debian-clang, r-devel-linux-x86_64-debian-gcc, r-devel-linux-x86_64-fedora-clang, r-devel-linux-x86_64-fedora-gcc, r-devel-windows-x86_64
Version: 0.1
Check: LazyData
Result: NOTE
'LazyData' is specified without a 'data' directory
Flavors: r-devel-linux-x86_64-debian-clang, r-devel-linux-x86_64-debian-gcc, r-devel-linux-x86_64-fedora-clang, r-devel-linux-x86_64-fedora-gcc, r-devel-windows-x86_64, r-patched-linux-x86_64, r-release-linux-x86_64, r-release-macos-arm64, r-release-macos-x86_64, r-release-windows-x86_64, r-oldrel-macos-arm64, r-oldrel-macos-x86_64, r-oldrel-windows-ix86+x86_64
Version: 0.1
Check: dependencies in R code
Result: NOTE
Namespace in Imports field not imported from: ‘dplyr’
All declared Imports should be used.
Flavors: r-devel-linux-x86_64-fedora-clang, r-devel-linux-x86_64-fedora-gcc, r-release-macos-arm64, r-release-macos-x86_64, r-oldrel-macos-arm64, r-oldrel-macos-x86_64