CRAN Package Check Results for Package polite

Last updated on 2020-09-22 02:17:28 CEST.

Flavor Version Tinstall Tcheck Ttotal Status Flags
r-devel-linux-x86_64-debian-clang 0.1.1 3.34 31.64 34.98 OK
r-devel-linux-x86_64-debian-gcc 0.1.1 2.83 25.14 27.97 OK
r-devel-linux-x86_64-fedora-clang 0.1.1 50.98 NOTE
r-devel-linux-x86_64-fedora-gcc 0.1.1 42.11 OK
r-devel-windows-ix86+x86_64 0.1.1 9.00 44.00 53.00 OK
r-patched-linux-x86_64 0.1.1 3.00 31.19 34.19 OK
r-patched-solaris-x86 0.1.1 66.20 OK
r-release-linux-x86_64 0.1.1 3.64 30.80 34.44 OK
r-release-macos-x86_64 0.1.1 OK
r-release-windows-ix86+x86_64 0.1.1 8.00 53.00 61.00 OK
r-oldrel-macos-x86_64 0.1.1 OK
r-oldrel-windows-ix86+x86_64 0.1.1 5.00 38.00 43.00 OK

Check Details

Version: 0.1.1
Check: Rd cross-references
Result: NOTE
    Undeclared package ‘purrr’ in Rd xrefs
Flavor: r-devel-linux-x86_64-fedora-clang