CRAN Package Check Results for Package politeness

Last updated on 2021-02-26 00:48:25 CET.

Flavor Version Tinstall Tcheck Ttotal Status Flags
r-devel-linux-x86_64-debian-clang 0.7.6 8.33 113.27 121.60 OK
r-devel-linux-x86_64-debian-gcc 0.7.6 6.61 83.76 90.37 OK
r-devel-linux-x86_64-fedora-clang 0.7.6 158.92 NOTE
r-devel-linux-x86_64-fedora-gcc 0.7.6 144.30 NOTE
r-devel-windows-ix86+x86_64 0.7.6 14.00 113.00 127.00 OK
r-patched-linux-x86_64 0.7.6 8.28 106.02 114.30 OK
r-patched-solaris-x86 0.7.6 212.20 NOTE
r-release-linux-x86_64 0.7.6 8.08 106.97 115.05 OK
r-release-macos-x86_64 0.7.6 NOTE
r-release-windows-ix86+x86_64 0.7.6 22.00 138.00 160.00 OK
r-oldrel-macos-x86_64 0.7.6 NOTE
r-oldrel-windows-ix86+x86_64 0.7.6 14.00 138.00 152.00 OK

Check Details

Version: 0.7.6
Check: data for non-ASCII characters
Result: NOTE
     Note: found 9 marked UTF-8 strings
Flavors: r-devel-linux-x86_64-fedora-clang, r-devel-linux-x86_64-fedora-gcc, r-patched-solaris-x86, r-release-macos-x86_64, r-oldrel-macos-x86_64