CRAN Package Check Results for Package polmineR

Last updated on 2020-06-03 01:50:54 CEST.

Flavor Version Tinstall Tcheck Ttotal Status Flags
r-devel-linux-x86_64-debian-clang 0.8.0 22.32 266.55 288.87 ERROR
r-devel-linux-x86_64-debian-gcc 0.8.0 20.73 217.31 238.04 OK
r-devel-linux-x86_64-fedora-clang 0.8.0 317.67 OK
r-devel-linux-x86_64-fedora-gcc 0.8.0 343.79 OK
r-devel-windows-ix86+x86_64 0.8.0 48.00 316.00 364.00 OK
r-patched-linux-x86_64 0.8.0 23.88 246.67 270.55 OK
r-patched-solaris-x86 0.8.0 355.30 WARN
r-release-linux-x86_64 0.8.0 22.47 249.23 271.70 OK
r-release-osx-x86_64 0.8.0 OK
r-release-windows-ix86+x86_64 0.8.0 34.00 311.00 345.00 OK
r-oldrel-osx-x86_64 0.8.0 WARN
r-oldrel-windows-ix86+x86_64 0.8.0 38.00 220.00 258.00 OK

Check Details

Version: 0.8.0
Check: tests
Result: ERROR
     Running 'testthat.R' [76s/50s]
    Running the tests in 'tests/testthat.R' failed.
    Complete output:
     > library(testthat)
     > library(polmineR)
    
     Attaching package: 'polmineR'
    
     The following object is masked from 'package:testthat':
    
     context
    
     > use("polmineR")
     ... activating corpus: GERMAPARLMINI
     ... activating corpus: REUTERS
     >
     > test_check("polmineR")
     -- 1. Error: generate subcorpus (@test_subcorpus.R#36) ------------------------
     no applicable method for 'size' applied to an object of class "NULL"
     Backtrace:
     1. testthat::expect_identical(size(p), size(sc))
     5. polmineR::size(p)
    
     == testthat results ===========================================================
     [ OK: 563 | SKIPPED: 2 | WARNINGS: 15 | FAILED: 1 ]
     1. Error: generate subcorpus (@test_subcorpus.R#36)
    
     Error: testthat unit tests failed
     Execution halted
Flavor: r-devel-linux-x86_64-debian-clang

Version: 0.8.0
Check: for code/documentation mismatches
Result: WARN
    Warning in check_codoc(x, as.pairlist(as.alist.call(y[-1L]))) :
     it is not known that wchar_t is Unicode on this platform
    Warning in check_codoc(x, as.pairlist(as.alist.call(y[-1L]))) :
     it is not known that wchar_t is Unicode on this platform
    Warning in check_codoc(x, as.pairlist(as.alist.call(y[-1L]))) :
     it is not known that wchar_t is Unicode on this platform
    Warning in check_codoc(x, as.pairlist(as.alist.call(y[-1L]))) :
     it is not known that wchar_t is Unicode on this platform
    Warning in check_codoc(x, as.pairlist(as.alist.call(y[-1L]))) :
     it is not known that wchar_t is Unicode on this platform
    Warning in check_codoc(x, as.pairlist(as.alist.call(y[-1L]))) :
     it is not known that wchar_t is Unicode on this platform
    Warning in check_codoc(x, as.pairlist(as.alist.call(y[-1L]))) :
     it is not known that wchar_t is Unicode on this platform
    Warning in check_codoc(x, as.pairlist(as.alist.call(y[-1L]))) :
     it is not known that wchar_t is Unicode on this platform
    Warning in check_codoc(x, as.pairlist(as.alist.call(y[-1L]))) :
     it is not known that wchar_t is Unicode on this platform
    Warning in check_codoc(x, as.pairlist(as.alist.call(y[-1L]))) :
     it is not known that wchar_t is Unicode on this platform
    Warning in check_codoc(x, as.pairlist(as.alist.call(y[-1L]))) :
     it is not known that wchar_t is Unicode on this platform
    Warning in check_codoc(x, as.pairlist(as.alist.call(y[-1L]))) :
     it is not known that wchar_t is Unicode on this platform
Flavor: r-patched-solaris-x86

Version: 0.8.0
Check: Rd \usage sections
Result: WARN
    Warning in .arg_names_from_call(e[-1L]) :
     it is not known that wchar_t is Unicode on this platform
    Warning in .arg_names_from_call(e[-1L]) :
     it is not known that wchar_t is Unicode on this platform
    Warning in .arg_names_from_call(e[-1L]) :
     it is not known that wchar_t is Unicode on this platform
    Warning in .arg_names_from_call(e[-1L]) :
     it is not known that wchar_t is Unicode on this platform
    Functions with \usage entries need to have the appropriate \alias
    entries, and all their arguments documented.
    The \usage entries must correspond to syntactically valid R code.
    See chapter ‘Writing R documentation files’ in the ‘Writing R
    Extensions’ manual.
Flavor: r-patched-solaris-x86

Version: 0.8.0
Check: re-building of vignette outputs
Result: WARN
    Error(s) in re-building vignettes:
     ...
    --- re-building ‘OpenCPU.Rmd’ using rmarkdown
    Warning in engine$weave(file, quiet = quiet, encoding = enc) :
     Pandoc (>= 1.12.3) and/or pandoc-citeproc not available. Falling back to R Markdown v1.
    --- finished re-building ‘OpenCPU.Rmd’
    
    --- re-building ‘vignette.Rmd’ using rmarkdown
    Warning in engine$weave(file, quiet = quiet, encoding = enc) :
     Pandoc (>= 1.12.3) and/or pandoc-citeproc not available. Falling back to R Markdown v1.
    ... activating corpus: GERMAPARLMINI
    ... activating corpus: REUTERS
    Quitting from lines 140-141 (vignette.Rmd)
    Error: processing vignette 'vignette.Rmd' failed with diagnostics:
    there is no package called 'webshot'
    --- failed re-building ‘vignette.Rmd’
    
    SUMMARY: processing the following file failed:
     ‘vignette.Rmd’
    
    Error: Vignette re-building failed.
    Execution halted
Flavor: r-patched-solaris-x86

Version: 0.8.0
Check: re-building of vignette outputs
Result: WARN
    Error(s) in re-building vignettes:
     ...
    --- re-building ‘OpenCPU.Rmd’ using rmarkdown
    Warning in engine$weave(file, quiet = quiet, encoding = enc) :
     Pandoc (>= 1.12.3) and/or pandoc-citeproc not available. Falling back to R Markdown v1.
    --- finished re-building ‘OpenCPU.Rmd’
    
    --- re-building ‘vignette.Rmd’ using rmarkdown
    Warning in engine$weave(file, quiet = quiet, encoding = enc) :
     Pandoc (>= 1.12.3) and/or pandoc-citeproc not available. Falling back to R Markdown v1.
    ... activating corpus: GERMAPARLMINI
    ... activating corpus: REUTERS
    Quitting from lines 140-141 (vignette.Rmd)
    Error: processing vignette 'vignette.Rmd' failed with diagnostics:
    cannot open the connection
    --- failed re-building ‘vignette.Rmd’
    
    SUMMARY: processing the following file failed:
     ‘vignette.Rmd’
    
    Error: Vignette re-building failed.
    Execution halted
Flavor: r-oldrel-osx-x86_64