CRAN Package Check Results for Package polmineR

Last updated on 2019-10-18 02:47:51 CEST.

Flavor Version Tinstall Tcheck Ttotal Status Flags
r-devel-linux-x86_64-debian-clang 0.7.11 20.57 213.71 234.28 OK
r-devel-linux-x86_64-debian-gcc 0.7.11 18.39 173.84 192.23 OK
r-devel-linux-x86_64-fedora-clang 0.7.11 263.80 OK
r-devel-linux-x86_64-fedora-gcc 0.7.11 244.73 OK
r-devel-windows-ix86+x86_64 0.7.11 53.00 165.00 218.00 OK
r-patched-linux-x86_64 0.7.11 19.10 198.09 217.19 OK
r-patched-solaris-x86 0.7.11 270.40 WARN
r-release-linux-x86_64 0.7.11 19.27 199.15 218.42 OK
r-release-windows-ix86+x86_64 0.7.11 31.00 173.00 204.00 OK
r-release-osx-x86_64 0.7.11 WARN
r-oldrel-windows-ix86+x86_64 0.7.11 30.00 143.00 173.00 OK
r-oldrel-osx-x86_64 0.7.11 WARN

Check Details

Version: 0.7.11
Check: for code/documentation mismatches
Result: WARN
    Warning in check_codoc(x, as.pairlist(as.alist.call(y[-1L]))) :
     it is not known that wchar_t is Unicode on this platform
    Warning in check_codoc(x, as.pairlist(as.alist.call(y[-1L]))) :
     it is not known that wchar_t is Unicode on this platform
    Warning in check_codoc(x, as.pairlist(as.alist.call(y[-1L]))) :
     it is not known that wchar_t is Unicode on this platform
    Warning in check_codoc(x, as.pairlist(as.alist.call(y[-1L]))) :
     it is not known that wchar_t is Unicode on this platform
    Warning in check_codoc(x, as.pairlist(as.alist.call(y[-1L]))) :
     it is not known that wchar_t is Unicode on this platform
    Warning in check_codoc(x, as.pairlist(as.alist.call(y[-1L]))) :
     it is not known that wchar_t is Unicode on this platform
    Warning in check_codoc(x, as.pairlist(as.alist.call(y[-1L]))) :
     it is not known that wchar_t is Unicode on this platform
    Warning in check_codoc(x, as.pairlist(as.alist.call(y[-1L]))) :
     it is not known that wchar_t is Unicode on this platform
    Warning in check_codoc(x, as.pairlist(as.alist.call(y[-1L]))) :
     it is not known that wchar_t is Unicode on this platform
    Warning in check_codoc(x, as.pairlist(as.alist.call(y[-1L]))) :
     it is not known that wchar_t is Unicode on this platform
    Warning in check_codoc(x, as.pairlist(as.alist.call(y[-1L]))) :
     it is not known that wchar_t is Unicode on this platform
    Warning in check_codoc(x, as.pairlist(as.alist.call(y[-1L]))) :
     it is not known that wchar_t is Unicode on this platform
Flavor: r-patched-solaris-x86

Version: 0.7.11
Check: Rd \usage sections
Result: WARN
    Warning in .arg_names_from_call(e[-1L]) :
     it is not known that wchar_t is Unicode on this platform
    Warning in .arg_names_from_call(e[-1L]) :
     it is not known that wchar_t is Unicode on this platform
    Warning in .arg_names_from_call(e[-1L]) :
     it is not known that wchar_t is Unicode on this platform
    Warning in .arg_names_from_call(e[-1L]) :
     it is not known that wchar_t is Unicode on this platform
    Functions with \usage entries need to have the appropriate \alias
    entries, and all their arguments documented.
    The \usage entries must correspond to syntactically valid R code.
    See chapter ‘Writing R documentation files’ in the ‘Writing R
    Extensions’ manual.
Flavor: r-patched-solaris-x86

Version: 0.7.11
Check: re-building of vignette outputs
Result: WARN
    Error(s) in re-building vignettes:
     ...
    --- re-building ‘vignette.Rmd’ using rmarkdown
    Warning in engine$weave(file, quiet = quiet, encoding = enc) :
     Pandoc (>= 1.12.3) and/or pandoc-citeproc not available. Falling back to R Markdown v1.
    ... activating corpus: GERMAPARLMINI
    ... activating corpus: REUTERS
    Quitting from lines 139-140 (vignette.Rmd)
    Error: processing vignette 'vignette.Rmd' failed with diagnostics:
    there is no package called 'webshot'
    --- failed re-building ‘vignette.Rmd’
    
    SUMMARY: processing the following file failed:
     ‘vignette.Rmd’
    
    Error: Vignette re-building failed.
    Execution halted
Flavor: r-patched-solaris-x86

Version: 0.7.11
Check: re-building of vignette outputs
Result: WARN
    Error(s) in re-building vignettes:
     ...
    --- re-building ‘vignette.Rmd’ using rmarkdown
    Warning in engine$weave(file, quiet = quiet, encoding = enc) :
     Pandoc (>= 1.12.3) and/or pandoc-citeproc not available. Falling back to R Markdown v1.
    ... activating corpus: GERMAPARLMINI
    ... activating corpus: REUTERS
    Quitting from lines 139-140 (vignette.Rmd)
    Error: processing vignette 'vignette.Rmd' failed with diagnostics:
    cannot open the connection
    --- failed re-building ‘vignette.Rmd’
    
    SUMMARY: processing the following file failed:
     ‘vignette.Rmd’
    
    Error: Vignette re-building failed.
    Execution halted
Flavor: r-release-osx-x86_64

Version: 0.7.11
Check: re-building of vignette outputs
Result: WARN
    Error in re-building vignettes:
     ...
    Warning in engine$weave(file, quiet = quiet, encoding = enc) :
     Pandoc (>= 1.12.3) and/or pandoc-citeproc not available. Falling back to R Markdown v1.
    ... activating corpus: GERMAPARLMINI
    ... activating corpus: REUTERS
    Quitting from lines 139-140 (vignette.Rmd)
    Error: processing vignette 'vignette.Rmd' failed with diagnostics:
    cannot open the connection
    Execution halted
Flavor: r-oldrel-osx-x86_64