CRAN Package Check Results for Package polyaAeppli

Last updated on 2021-08-01 01:51:58 CEST.

Flavor Version Tinstall Tcheck Ttotal Status Flags
r-devel-linux-x86_64-debian-clang 2.0 2.39 25.32 27.71 NOTE
r-devel-linux-x86_64-debian-gcc 2.0 1.71 19.50 21.21 NOTE
r-devel-linux-x86_64-fedora-clang 2.0 43.29 NOTE
r-devel-linux-x86_64-fedora-gcc 2.0 32.07 NOTE
r-devel-windows-x86_64 2.0 3.00 36.00 39.00 NOTE
r-devel-windows-x86_64-gcc10-UCRT 2.0 NOTE
r-patched-linux-x86_64 2.0 NOTE
r-patched-solaris-x86 2.0 56.00 NOTE
r-release-linux-x86_64 2.0 2.18 24.48 26.66 NOTE
r-release-macos-arm64 2.0 NOTE
r-release-macos-x86_64 2.0 NOTE
r-release-windows-ix86+x86_64 2.0 4.00 28.00 32.00 NOTE
r-oldrel-macos-x86_64 2.0 NOTE
r-oldrel-windows-ix86+x86_64 2.0 4.00 29.00 33.00 NOTE

Check Details

Version: 2.0
Check: R code for possible problems
Result: NOTE
    qPolyaAeppliSingle: no visible global function definition for 'qgamma'
    rPolyaAeppli: no visible global function definition for 'rpois'
    rPolyaAeppli: no visible global function definition for 'rgeom'
    Undefined global functions or variables:
     qgamma rgeom rpois
    Consider adding
     importFrom("stats", "qgamma", "rgeom", "rpois")
    to your NAMESPACE file.
Flavors: r-devel-linux-x86_64-debian-clang, r-devel-linux-x86_64-debian-gcc, r-devel-linux-x86_64-fedora-clang, r-devel-linux-x86_64-fedora-gcc, r-devel-windows-x86_64, r-devel-windows-x86_64-gcc10-UCRT, r-patched-linux-x86_64, r-patched-solaris-x86, r-release-linux-x86_64, r-release-macos-arm64, r-release-macos-x86_64, r-release-windows-ix86+x86_64, r-oldrel-macos-x86_64, r-oldrel-windows-ix86+x86_64