CRAN Package Check Results for Package polywog

Last updated on 2020-07-09 01:57:47 CEST.

Flavor Version Tinstall Tcheck Ttotal Status Flags
r-devel-linux-x86_64-debian-clang 0.4-1 67.41 78.31 145.72 OK
r-devel-linux-x86_64-debian-gcc 0.4-1 45.26 59.97 105.23 OK
r-devel-linux-x86_64-fedora-clang 0.4-1 194.92 OK
r-devel-linux-x86_64-fedora-gcc 0.4-1 171.17 OK
r-devel-windows-ix86+x86_64 0.4-1 114.00 131.00 245.00 OK
r-patched-linux-x86_64 0.4-1 46.45 76.32 122.77 OK
r-patched-solaris-x86 0.4-1 196.30 OK
r-release-linux-x86_64 0.4-1 46.57 77.51 124.08 OK
r-release-osx-x86_64 0.4-1 OK
r-release-windows-ix86+x86_64 0.4-1 123.00 178.00 301.00 OK
r-oldrel-osx-x86_64 0.4-1 FAIL
r-oldrel-windows-ix86+x86_64 0.4-1 117.00 156.00 273.00 OK

Check Details

Version: 0.4-1
Check: dependencies in R code
Result: FAIL
Flavor: r-oldrel-osx-x86_64