CRAN Package Check Results for Package pomdp

Last updated on 2023-02-07 00:54:26 CET.

Flavor Version Tinstall Tcheck Ttotal Status Flags
r-devel-linux-x86_64-debian-clang 1.1.0 64.91 147.45 212.36 NOTE
r-devel-linux-x86_64-debian-gcc 1.1.0 54.75 111.95 166.70 NOTE
r-devel-linux-x86_64-fedora-clang 1.1.0 278.79 NOTE
r-devel-linux-x86_64-fedora-gcc 1.1.0 293.39 NOTE
r-devel-windows-x86_64 1.1.0 79.00 234.00 313.00 NOTE
r-patched-linux-x86_64 1.1.0 64.84 137.99 202.83 OK
r-release-linux-x86_64 1.1.0 53.30 142.38 195.68 OK
r-release-macos-arm64 1.1.0 76.00 OK
r-release-macos-x86_64 1.1.0 100.00 OK
r-release-windows-x86_64 1.1.0 86.00 237.00 323.00 OK
r-oldrel-macos-arm64 1.1.0 68.00 OK
r-oldrel-macos-x86_64 1.1.0 103.00 OK
r-oldrel-windows-ix86+x86_64 1.1.0 154.00 287.00 441.00 OK

Check Details

Version: 1.1.0
Check: C++ specification
Result: NOTE
     Specified C++11: please update to current default of C++17
Flavors: r-devel-linux-x86_64-debian-clang, r-devel-linux-x86_64-debian-gcc, r-devel-linux-x86_64-fedora-clang, r-devel-linux-x86_64-fedora-gcc, r-devel-windows-x86_64