Last updated on 2022-06-28 01:51:39 CEST.
Flavor | Version | Tinstall | Tcheck | Ttotal | Status | Flags |
---|---|---|---|---|---|---|
r-devel-linux-x86_64-debian-clang | 4.2 | 31.28 | 105.65 | 136.93 | NOTE | |
r-devel-linux-x86_64-debian-gcc | 4.2 | 25.59 | 79.14 | 104.73 | NOTE | |
r-devel-linux-x86_64-fedora-clang | 4.2 | 175.35 | NOTE | |||
r-devel-linux-x86_64-fedora-gcc | 4.2 | 174.85 | NOTE | |||
r-devel-windows-x86_64 | 4.2 | 133.00 | 148.00 | 281.00 | NOTE | |
r-patched-linux-x86_64 | 4.2 | 34.40 | 99.44 | 133.84 | OK | |
r-release-linux-x86_64 | 4.2 | 25.20 | 99.39 | 124.59 | OK | |
r-release-macos-arm64 | 4.2 | 47.00 | OK | |||
r-release-macos-x86_64 | 4.2 | 68.00 | OK | |||
r-release-windows-x86_64 | 4.2 | 148.00 | 152.00 | 300.00 | OK | |
r-oldrel-macos-arm64 | 4.2 | 55.00 | OK | |||
r-oldrel-macos-x86_64 | 4.2 | 66.00 | OK | |||
r-oldrel-windows-ix86+x86_64 | 4.2 | 87.00 | 170.00 | 257.00 | OK |
Version: 4.2
Check: Rd files
Result: NOTE
checkRd: (-1) bsmc2.Rd:97: Escaped LaTeX specials: \&
Flavors: r-devel-linux-x86_64-debian-clang, r-devel-linux-x86_64-debian-gcc, r-devel-linux-x86_64-fedora-clang, r-devel-linux-x86_64-fedora-gcc, r-devel-windows-x86_64