CRAN Package Check Results for Package pool

Last updated on 2022-11-27 00:55:50 CET.

Flavor Version Tinstall Tcheck Ttotal Status Flags
r-devel-linux-x86_64-debian-clang 0.1.6 7.74 55.55 63.29 NOTE
r-devel-linux-x86_64-debian-gcc 0.1.6 5.77 41.89 47.66 NOTE
r-devel-linux-x86_64-fedora-clang 0.1.6 90.89 NOTE
r-devel-linux-x86_64-fedora-gcc 0.1.6 84.14 NOTE
r-devel-windows-x86_64 0.1.6 37.00 92.00 129.00 NOTE
r-patched-linux-x86_64 0.1.6 NOTE
r-release-linux-x86_64 0.1.6 6.20 53.45 59.65 NOTE
r-release-macos-arm64 0.1.6 34.00 NOTE
r-release-macos-x86_64 0.1.6 46.00 NOTE
r-release-windows-x86_64 0.1.6 42.00 101.00 143.00 NOTE
r-oldrel-macos-arm64 0.1.6 39.00 NOTE
r-oldrel-macos-x86_64 0.1.6 48.00 NOTE
r-oldrel-windows-ix86+x86_64 0.1.6 17.00 86.00 103.00 NOTE

Check Details

Version: 0.1.6
Check: LazyData
Result: NOTE
     'LazyData' is specified without a 'data' directory
Flavors: r-devel-linux-x86_64-debian-clang, r-devel-linux-x86_64-debian-gcc, r-devel-linux-x86_64-fedora-clang, r-devel-linux-x86_64-fedora-gcc, r-devel-windows-x86_64, r-patched-linux-x86_64, r-release-linux-x86_64, r-release-macos-arm64, r-release-macos-x86_64, r-release-windows-x86_64, r-oldrel-macos-arm64, r-oldrel-macos-x86_64, r-oldrel-windows-ix86+x86_64