Last updated on 2023-05-30 08:02:26 CEST.
Flavor | Version | Tinstall | Tcheck | Ttotal | Status | Flags |
---|---|---|---|---|---|---|
r-devel-linux-x86_64-debian-clang | 0.4.10 | 23.67 | 314.17 | 337.84 | OK | |
r-devel-linux-x86_64-debian-gcc | 0.4.10 | 18.89 | 235.99 | 254.88 | OK | |
r-devel-linux-x86_64-fedora-clang | 0.4.10 | 422.12 | OK | |||
r-devel-linux-x86_64-fedora-gcc | 0.4.10 | 410.97 | OK | |||
r-devel-windows-x86_64 | 0.4.10 | 24.00 | 275.00 | 299.00 | OK | |
r-patched-linux-x86_64 | 0.4.10 | 28.42 | 443.33 | 471.75 | OK | |
r-release-linux-x86_64 | 0.4.10 | 21.36 | 418.10 | 439.46 | OK | |
r-release-macos-arm64 | 0.4.10 | 137.00 | OK | |||
r-release-macos-x86_64 | 0.4.10 | 199.00 | NOTE | |||
r-release-windows-x86_64 | 0.4.10 | 26.00 | 327.00 | 353.00 | OK | |
r-oldrel-macos-arm64 | 0.4.10 | 111.00 | OK | |||
r-oldrel-macos-x86_64 | 0.4.10 | 163.00 | OK | |||
r-oldrel-windows-x86_64 | 0.4.10 | 27.00 | 302.00 | 329.00 | OK |
Version: 0.4.10
Check: package dependencies
Result: NOTE
Package suggested but not available for checking: ‘relsurv’
Flavor: r-release-macos-x86_64